{"id":1423,"date":"2025-05-26T11:37:53","date_gmt":"2025-05-26T11:37:53","guid":{"rendered":"https:\/\/ucor-ucor.ro\/new\/?page_id=1423"},"modified":"2025-05-26T11:39:01","modified_gmt":"2025-05-26T11:39:01","slug":"board-meeting-e-f-c-a-c-evenimente-conexe","status":"publish","type":"page","link":"https:\/\/ucor-ucor.ro\/new\/board-meeting-e-f-c-a-c-evenimente-conexe\/","title":{"rendered":"Board Meeting E.F.C.A.C. &amp; evenimente conexe"},"content":{"rendered":"\n<p>\u00cen perioada 24-27 aprilie 2025, s-a desf\u0103\u0219urat la Strasbourg, Franta, Board meeting-ul European Federation of Consular Associations and Consuls- E.F.C.A.C., \u00eempreun\u0103 cu evenimentele conexe desf\u0103\u0219urate organizate de Belgian Consular Union (BCU).<\/p>\n\n\n\n<p>Din partea Uniunii Consulilor Onorifici din Rom\u00e2nia (U.C.O.R.) a participat Dl Pre\u0219edinte CO Andreas Huber \u0219i Dna Vicepre\u0219edinte CO Georgiana Pogonaru.<\/p>\n\n\n\n<p>\u00cen data de 25.04.2025 evenimentul a debutat cu o vizit\u0103 la Consiliul Europei, Camera de dezbateri a Adun\u0103rii Parlamentare, vizitarea sediului, inclusiv \u0219edin\u021ba plenului \u0219i a avut loc o \u00eent\u00e2lnire cu un reprezentant al Adun\u0103rii Parlamentare.<\/p>\n\n\n\n<p>De asemenea, delega\u021bia a vizitat Curtea European\u0103 a Drepturilor Omului, unde a avut loc o prezentare de c\u0103tre un avocat al Grefei Cur\u021bii cu privire la rolul \u0219i activitatea Cur\u021bii&nbsp; \u0219i o scurta \u00eentrevedere cu un judec\u0103tor al Cur\u021bii.<\/p>\n\n\n\n<p>\u00cen cursul dupa-amiezii s-a desf\u0103\u0219urat la Hotel Cour du Corbeau Strasbourg , Board Meeting-ul E.F.C.A.C, &nbsp;cu deschiderea lucr\u0103rilor printr-un cuv\u00e2nt de \u201cBun venit\u201d adresat de c\u0103tre Presedintele Consul Onorific Jean J. Baron Haus. Ordinea de zi a cuprins urmatoarele subiecte:<\/p>\n\n\n\n<p>&#8211;&nbsp;&nbsp;&nbsp;&nbsp;&nbsp;&nbsp;&nbsp;&nbsp;&nbsp;&nbsp; Prezentarea Raportului financiar al Trezorierului E.F.C.A.C<\/p>\n\n\n\n<p>&#8211;&nbsp;&nbsp;&nbsp;&nbsp;&nbsp;&nbsp;&nbsp;&nbsp;&nbsp;&nbsp; Extinderea num\u0103rului de membri \u00een cadrul E.F.C.A.C<\/p>\n\n\n\n<p>&#8211;&nbsp;&nbsp;&nbsp;&nbsp;&nbsp;&nbsp;&nbsp;&nbsp;&nbsp;&nbsp; Activit\u0103\u021bi \u0219i ac\u021biuni planificate pentru anul 2025<\/p>\n\n\n\n<p>Printre altele, s-a discutat despre organizarea urm\u0103toarei \u00eent\u00e2lniri a Board-ului E.F.C.A.C. li a Adun\u0103rii Generale E.F.C.A.C ce urmeaz\u0103 a se desf\u0103\u0219ura \u00een perioada 25- 28 septembrie 2025 \u00een Rom\u00e2nia , la Sibiu.<\/p>\n\n\n\n<p>Agenda evenimentului \u0219i detaliile acestor \u00eentruniri urmeaz\u0103 a fi stabilite \u0219i comunicate \u00een timp util.<\/p>\n\n\n\n<p>Ziua de 26.04.2025 a fost dedicat\u0103 evenimentelor conexe organizate de Belgian Consular Union (BCU), respectiv un tur ghidat al ora\u0219ului Strasbourg, cu vizite la principalele obiective turistice din centrul orasului: Cath\u00e9drale Notre-Dame de Strasbourg, Mus\u00e9e de l&#8217;\u0152uvre-Notre-Dame \u0219i Biserica Saint-Thomas.<\/p>\n\n\n\n<p>\u00cen cadrul acestei reuniuni au avut loc un schimb amplu de opinii \u00eentre consulii onorifici prezenti la eveniment, fiind abordate teme diplomatice, economice, de politica actual\u0103 \u0219i cultur\u0103. Evenimentul s-a \u00eencheiat cu exprimarea, din partea tuturor participan\u021bilor, a convingerii c\u0103 se vor continua rela\u021biile de comunicare, \u00een toate domeniile de interes.<\/p>\n\n\n\n<p>Vezi \u00een continuare galeria foto:<\/p>\n\n\n\n<figure class=\"wp-block-image size-full\"><img decoding=\"async\" src=\"http:\/\/ucor-ucor.ro\/new\/wp-content\/uploads\/2025\/05\/1.jpg\" alt=\"\" class=\"wp-image-1309\"\/><\/figure>\n\n\n\n<figure class=\"wp-block-image size-full\"><img decoding=\"async\" src=\"http:\/\/ucor-ucor.ro\/new\/wp-content\/uploads\/2025\/05\/2.jpg\" alt=\"\" class=\"wp-image-1309\"\/><\/figure>\n","protected":false},"excerpt":{"rendered":"<p>\u00cen perioada 24-27 aprilie 2025, s-a desf\u0103\u0219urat la Strasbourg, Franta, Board meeting-ul European Federation of Consular Associations and Consuls- E.F.C.A.C., \u00eempreun\u0103 cu evenimentele conexe desf\u0103\u0219urate organizate de Belgian Consular Union (BCU). Din partea Uniunii Consulilor Onorifici din Rom\u00e2nia (U.C.O.R.) a participat Dl Pre\u0219edinte CO Andreas Huber \u0219i Dna Vicepre\u0219edinte CO Georgiana Pogonaru. \u00cen data de [&hellip;]<\/p>\n","protected":false},"author":1,"featured_media":0,"parent":0,"menu_order":0,"comment_status":"closed","ping_status":"closed","template":"templates\/template-full-width.php","meta":{"footnotes":""},"yoast_head":"<!-- This site is optimized with the Yoast SEO plugin v22.5 - https:\/\/yoast.com\/wordpress\/plugins\/seo\/ -->\n<title>Board Meeting E.F.C.A.C. &amp; evenimente conexe - UCOR<\/title>\n<meta name=\"robots\" content=\"index, follow, max-snippet:-1, max-image-preview:large, max-video-preview:-1\" \/>\n<link rel=\"canonical\" href=\"https:\/\/ucor-ucor.ro\/new\/board-meeting-e-f-c-a-c-evenimente-conexe\/\" \/>\n<meta property=\"og:locale\" content=\"en_US\" \/>\n<meta property=\"og:type\" content=\"article\" \/>\n<meta property=\"og:title\" content=\"Board Meeting E.F.C.A.C. &amp; evenimente conexe - UCOR\" \/>\n<meta property=\"og:description\" content=\"\u00cen perioada 24-27 aprilie 2025, s-a desf\u0103\u0219urat la Strasbourg, Franta, Board meeting-ul European Federation of Consular Associations and Consuls- E.F.C.A.C., \u00eempreun\u0103 cu evenimentele conexe desf\u0103\u0219urate organizate de Belgian Consular Union (BCU). Din partea Uniunii Consulilor Onorifici din Rom\u00e2nia (U.C.O.R.) a participat Dl Pre\u0219edinte CO Andreas Huber \u0219i Dna Vicepre\u0219edinte CO Georgiana Pogonaru. \u00cen data de [&hellip;]\" \/>\n<meta property=\"og:url\" content=\"https:\/\/ucor-ucor.ro\/new\/board-meeting-e-f-c-a-c-evenimente-conexe\/\" \/>\n<meta property=\"og:site_name\" content=\"UCOR\" \/>\n<meta property=\"article:modified_time\" content=\"2025-05-26T11:39:01+00:00\" \/>\n<meta property=\"og:image\" content=\"http:\/\/ucor-ucor.ro\/new\/wp-content\/uploads\/2025\/05\/1.jpg\" \/>\n<meta name=\"twitter:card\" content=\"summary_large_image\" \/>\n<meta name=\"twitter:label1\" content=\"Est. reading time\" \/>\n\t<meta name=\"twitter:data1\" content=\"2 minutes\" \/>\n<script type=\"application\/ld+json\" class=\"yoast-schema-graph\">{\"@context\":\"https:\/\/schema.org\",\"@graph\":[{\"@type\":\"WebPage\",\"@id\":\"https:\/\/ucor-ucor.ro\/new\/board-meeting-e-f-c-a-c-evenimente-conexe\/\",\"url\":\"https:\/\/ucor-ucor.ro\/new\/board-meeting-e-f-c-a-c-evenimente-conexe\/\",\"name\":\"Board Meeting E.F.C.A.C. &amp; evenimente conexe - UCOR\",\"isPartOf\":{\"@id\":\"https:\/\/ucor-ucor.ro\/new\/#website\"},\"primaryImageOfPage\":{\"@id\":\"https:\/\/ucor-ucor.ro\/new\/board-meeting-e-f-c-a-c-evenimente-conexe\/#primaryimage\"},\"image\":{\"@id\":\"https:\/\/ucor-ucor.ro\/new\/board-meeting-e-f-c-a-c-evenimente-conexe\/#primaryimage\"},\"thumbnailUrl\":\"http:\/\/ucor-ucor.ro\/new\/wp-content\/uploads\/2025\/05\/1.jpg\",\"datePublished\":\"2025-05-26T11:37:53+00:00\",\"dateModified\":\"2025-05-26T11:39:01+00:00\",\"breadcrumb\":{\"@id\":\"https:\/\/ucor-ucor.ro\/new\/board-meeting-e-f-c-a-c-evenimente-conexe\/#breadcrumb\"},\"inLanguage\":\"en-US\",\"potentialAction\":[{\"@type\":\"ReadAction\",\"target\":[\"https:\/\/ucor-ucor.ro\/new\/board-meeting-e-f-c-a-c-evenimente-conexe\/\"]}]},{\"@type\":\"ImageObject\",\"inLanguage\":\"en-US\",\"@id\":\"https:\/\/ucor-ucor.ro\/new\/board-meeting-e-f-c-a-c-evenimente-conexe\/#primaryimage\",\"url\":\"https:\/\/ucor-ucor.ro\/new\/wp-content\/uploads\/2024\/05\/luxemburg.png\",\"contentUrl\":\"https:\/\/ucor-ucor.ro\/new\/wp-content\/uploads\/2024\/05\/luxemburg.png\",\"width\":92,\"height\":92},{\"@type\":\"BreadcrumbList\",\"@id\":\"https:\/\/ucor-ucor.ro\/new\/board-meeting-e-f-c-a-c-evenimente-conexe\/#breadcrumb\",\"itemListElement\":[{\"@type\":\"ListItem\",\"position\":1,\"name\":\"Home\",\"item\":\"https:\/\/ucor-ucor.ro\/new\/\"},{\"@type\":\"ListItem\",\"position\":2,\"name\":\"Board Meeting E.F.C.A.C. &amp; evenimente conexe\"}]},{\"@type\":\"WebSite\",\"@id\":\"https:\/\/ucor-ucor.ro\/new\/#website\",\"url\":\"https:\/\/ucor-ucor.ro\/new\/\",\"name\":\"UCOR\",\"description\":\"\",\"publisher\":{\"@id\":\"https:\/\/ucor-ucor.ro\/new\/#organization\"},\"potentialAction\":[{\"@type\":\"SearchAction\",\"target\":{\"@type\":\"EntryPoint\",\"urlTemplate\":\"https:\/\/ucor-ucor.ro\/new\/?s={search_term_string}\"},\"query-input\":\"required name=search_term_string\"}],\"inLanguage\":\"en-US\"},{\"@type\":\"Organization\",\"@id\":\"https:\/\/ucor-ucor.ro\/new\/#organization\",\"name\":\"UCOR\",\"url\":\"https:\/\/ucor-ucor.ro\/new\/\",\"logo\":{\"@type\":\"ImageObject\",\"inLanguage\":\"en-US\",\"@id\":\"https:\/\/ucor-ucor.ro\/new\/#\/schema\/logo\/image\/\",\"url\":\"https:\/\/ucor-ucor.ro\/new\/wp-content\/uploads\/2020\/06\/cropped-UCOR.png\",\"contentUrl\":\"https:\/\/ucor-ucor.ro\/new\/wp-content\/uploads\/2020\/06\/cropped-UCOR.png\",\"width\":395,\"height\":128,\"caption\":\"UCOR\"},\"image\":{\"@id\":\"https:\/\/ucor-ucor.ro\/new\/#\/schema\/logo\/image\/\"}}]}<\/script>\n<!-- \/ Yoast SEO plugin. -->","yoast_head_json":{"title":"Board Meeting E.F.C.A.C. &amp; evenimente conexe - UCOR","robots":{"index":"index","follow":"follow","max-snippet":"max-snippet:-1","max-image-preview":"max-image-preview:large","max-video-preview":"max-video-preview:-1"},"canonical":"https:\/\/ucor-ucor.ro\/new\/board-meeting-e-f-c-a-c-evenimente-conexe\/","og_locale":"en_US","og_type":"article","og_title":"Board Meeting E.F.C.A.C. &amp; evenimente conexe - UCOR","og_description":"\u00cen perioada 24-27 aprilie 2025, s-a desf\u0103\u0219urat la Strasbourg, Franta, Board meeting-ul European Federation of Consular Associations and Consuls- E.F.C.A.C., \u00eempreun\u0103 cu evenimentele conexe desf\u0103\u0219urate organizate de Belgian Consular Union (BCU). Din partea Uniunii Consulilor Onorifici din Rom\u00e2nia (U.C.O.R.) a participat Dl Pre\u0219edinte CO Andreas Huber \u0219i Dna Vicepre\u0219edinte CO Georgiana Pogonaru. \u00cen data de [&hellip;]","og_url":"https:\/\/ucor-ucor.ro\/new\/board-meeting-e-f-c-a-c-evenimente-conexe\/","og_site_name":"UCOR","article_modified_time":"2025-05-26T11:39:01+00:00","og_image":[{"url":"http:\/\/ucor-ucor.ro\/new\/wp-content\/uploads\/2025\/05\/1.jpg"}],"twitter_card":"summary_large_image","twitter_misc":{"Est. reading time":"2 minutes"},"schema":{"@context":"https:\/\/schema.org","@graph":[{"@type":"WebPage","@id":"https:\/\/ucor-ucor.ro\/new\/board-meeting-e-f-c-a-c-evenimente-conexe\/","url":"https:\/\/ucor-ucor.ro\/new\/board-meeting-e-f-c-a-c-evenimente-conexe\/","name":"Board Meeting E.F.C.A.C. &amp; evenimente conexe - UCOR","isPartOf":{"@id":"https:\/\/ucor-ucor.ro\/new\/#website"},"primaryImageOfPage":{"@id":"https:\/\/ucor-ucor.ro\/new\/board-meeting-e-f-c-a-c-evenimente-conexe\/#primaryimage"},"image":{"@id":"https:\/\/ucor-ucor.ro\/new\/board-meeting-e-f-c-a-c-evenimente-conexe\/#primaryimage"},"thumbnailUrl":"http:\/\/ucor-ucor.ro\/new\/wp-content\/uploads\/2025\/05\/1.jpg","datePublished":"2025-05-26T11:37:53+00:00","dateModified":"2025-05-26T11:39:01+00:00","breadcrumb":{"@id":"https:\/\/ucor-ucor.ro\/new\/board-meeting-e-f-c-a-c-evenimente-conexe\/#breadcrumb"},"inLanguage":"en-US","potentialAction":[{"@type":"ReadAction","target":["https:\/\/ucor-ucor.ro\/new\/board-meeting-e-f-c-a-c-evenimente-conexe\/"]}]},{"@type":"ImageObject","inLanguage":"en-US","@id":"https:\/\/ucor-ucor.ro\/new\/board-meeting-e-f-c-a-c-evenimente-conexe\/#primaryimage","url":"https:\/\/ucor-ucor.ro\/new\/wp-content\/uploads\/2024\/05\/luxemburg.png","contentUrl":"https:\/\/ucor-ucor.ro\/new\/wp-content\/uploads\/2024\/05\/luxemburg.png","width":92,"height":92},{"@type":"BreadcrumbList","@id":"https:\/\/ucor-ucor.ro\/new\/board-meeting-e-f-c-a-c-evenimente-conexe\/#breadcrumb","itemListElement":[{"@type":"ListItem","position":1,"name":"Home","item":"https:\/\/ucor-ucor.ro\/new\/"},{"@type":"ListItem","position":2,"name":"Board Meeting E.F.C.A.C. &amp; evenimente conexe"}]},{"@type":"WebSite","@id":"https:\/\/ucor-ucor.ro\/new\/#website","url":"https:\/\/ucor-ucor.ro\/new\/","name":"UCOR","description":"","publisher":{"@id":"https:\/\/ucor-ucor.ro\/new\/#organization"},"potentialAction":[{"@type":"SearchAction","target":{"@type":"EntryPoint","urlTemplate":"https:\/\/ucor-ucor.ro\/new\/?s={search_term_string}"},"query-input":"required name=search_term_string"}],"inLanguage":"en-US"},{"@type":"Organization","@id":"https:\/\/ucor-ucor.ro\/new\/#organization","name":"UCOR","url":"https:\/\/ucor-ucor.ro\/new\/","logo":{"@type":"ImageObject","inLanguage":"en-US","@id":"https:\/\/ucor-ucor.ro\/new\/#\/schema\/logo\/image\/","url":"https:\/\/ucor-ucor.ro\/new\/wp-content\/uploads\/2020\/06\/cropped-UCOR.png","contentUrl":"https:\/\/ucor-ucor.ro\/new\/wp-content\/uploads\/2020\/06\/cropped-UCOR.png","width":395,"height":128,"caption":"UCOR"},"image":{"@id":"https:\/\/ucor-ucor.ro\/new\/#\/schema\/logo\/image\/"}}]}},"_links":{"self":[{"href":"https:\/\/ucor-ucor.ro\/new\/wp-json\/wp\/v2\/pages\/1423"}],"collection":[{"href":"https:\/\/ucor-ucor.ro\/new\/wp-json\/wp\/v2\/pages"}],"about":[{"href":"https:\/\/ucor-ucor.ro\/new\/wp-json\/wp\/v2\/types\/page"}],"author":[{"embeddable":true,"href":"https:\/\/ucor-ucor.ro\/new\/wp-json\/wp\/v2\/users\/1"}],"replies":[{"embeddable":true,"href":"https:\/\/ucor-ucor.ro\/new\/wp-json\/wp\/v2\/comments?post=1423"}],"version-history":[{"count":1,"href":"https:\/\/ucor-ucor.ro\/new\/wp-json\/wp\/v2\/pages\/1423\/revisions"}],"predecessor-version":[{"id":1424,"href":"https:\/\/ucor-ucor.ro\/new\/wp-json\/wp\/v2\/pages\/1423\/revisions\/1424"}],"wp:attachment":[{"href":"https:\/\/ucor-ucor.ro\/new\/wp-json\/wp\/v2\/media?parent=1423"}],"curies":[{"name":"wp","href":"https:\/\/api.w.org\/{rel}","templated":true}]}}