{"id":929,"date":"2023-03-21T14:48:10","date_gmt":"2023-03-21T14:48:10","guid":{"rendered":"http:\/\/ucor-ucor.ro\/new\/?page_id=929"},"modified":"2023-03-21T16:02:45","modified_gmt":"2023-03-21T16:02:45","slug":"adunarea-generala-anuala-a-membrilor-uniunii-consulilor-onorifici-din-romania-si-balul-de-primavara-ucor","status":"publish","type":"page","link":"http:\/\/ucor-ucor.ro\/new\/adunarea-generala-anuala-a-membrilor-uniunii-consulilor-onorifici-din-romania-si-balul-de-primavara-ucor\/","title":{"rendered":"Adunarea General\u0103 Anual\u0103 a membrilor  Uniunii Consulilor Onorifici din Rom\u00e2nia \u0219i \u201cBalul de prim\u0103var\u0103 UCOR\u201d"},"content":{"rendered":"\n<p>\u00cen data de 18 martie 2023, Uniunea Consulilor Onorifici din Rom\u00e2nia (UCOR) a organizat la Sheraton Bucharest Hotel, dou\u0103 dintre cele mai importante evenimente anuale din agenda asociatiei, \u0219i anume:&nbsp; Adunarea General\u0103 Anual\u0103 a membrilor UCOR, urmat\u0103 \u00een cursul serii de \u201cBalul de primavar\u0103 UCOR\u201d, eveniment ajuns la cea de-a patra edi\u021bie.<\/p>\n\n\n\n<p>\u00cen cadrul ordinii de zi a Adun\u0103rii Generale Anuale a membrilor UCOR au fost prezentate: \u201cRaportul de activitate pentru anul 2022\u201d, Raportul Financiar si raportul cenzorului, fiind aprobat\u0103 desc\u0103rcarea de gestiune a Consiliul Director \u0219i nu \u00een ultimul rand, a fost adoptat\u0103 agenda de activit\u0103\u0163i pentru anul 2023. Raportul de activitate pentru anul 2022 a fost prezentat de c\u0103tre Pre\u015fedintele UCOR &#8211; domnul Consul Onorific Andreas Huber, fiind eviden\u0163iat\u0103 evolu\u021bia pozitiv\u0103 a UCOR din anul precedent, pe plan diplomatic intern \u0219i interna\u021bional, fiind men\u021bionat\u0103 aici afilierea Uniunii Consulilor Onorifici din Rom\u00e2nia, Federa\u021biei Interna\u021bionale a Asocia\u021biilor \u0219i Corpurilor Consulare, un moment de seam\u0103 \u00een existen\u021ba uniunii.<\/p>\n\n\n\n<p>Au fost remarcate \u0219i men\u021bionate eforturile sus\u021binute ale membrilor UCOR pentru c\u00e2\u0219tigarea recunoa\u0219terii \u0219i sporirea prestigiului Uniunii, prin impicarea lor \u00een ac\u021biunile pe care le desf\u0103\u0219oar\u0103 \u0219i prin prezen\u021ba activ\u0103 pe plan diplomatic, economic, cultural \u0219i social. \u00cen cadrul dezbaterilor, pre\u015fedintele UCOR, domnul Andreas Huber a prezentat strategia adoptata de UCOR pentru realizarea obiectivelor sale statutare, pun\u00e2ndu-se un accent deosebit pe consolidarea pozi\u0163iei membrilor Uniunii \u00een lumea diplomatic\u0103, pe continuarea colabor\u0103rii active cu Ministerul Afacerilor Externe \u015fi alte institu\u0163ii ale statului rom\u00e2n, pe continuarea dezvolt\u0103rii rela\u0163iilor, pe multiple planuri, dintre \u0163\u0103rile pe care membrii UCOR le reprezint\u0103 \u015fi Rom\u00e2nia, ac\u021bion\u00e2nd ca ni\u0219te pun\u021bi de leg\u0103tur\u0103 , cu prec\u0103dere \u00een domeniile economic \u015fi cultural.<\/p>\n\n\n\n<p>\u00cen cursul serii a avut loc \u00een Platinul Ballroom a Sheraton Bucharest Hotel, cea de-a patra edi\u021bie a \u201eBalului de primavar\u0103\u201d organizat de Uniunea Consulilor Onorifici din Rom\u00e2nia, un bun prilej de socializare \u0219i de \u00eent\u00e2lnire \u00eentr-un cadru mai putin oficial, dar deopotriv\u0103 de semnificativ. La acest eveniment au luat parte peste 100 persoane, printre invita\u021bi s-au num\u0103rat Excelen\u021bele lor doamne \u0219i domni ambasadori, reprezentan\u021bi ai Ministerului Afacerilor Externe al Rom\u00e2niei \u0219i&nbsp; reprezentan\u021bi ai mediului de afaceri din Rom\u00e2nia.<\/p>\n\n\n\n<p>Printre invita\u021bii la eveniment s-a aflat \u0219i domnul Valentin-Ciprian Muntean \u2013 Director General al Departamentului Consular din cadrul Ministerului Afacerilor Externe al Rom\u00e2niei si doamna Sandra G\u0103tejeanu \u2013 Director al Departamentului Protocol din cadrul Ministerului Afacerilor Externe al Rom\u00e2niei.<\/p>\n\n\n\n<p>Balul de primavar\u0103&nbsp; a avut \u0219i o component\u0103 social\u0103, prin dona\u021biile f\u0103cute de c\u0103tre sponsorii evenimentului \u0219i de c\u0103tre invita\u021bii prezen\u021bi, suma de bani str\u00e2ns\u0103 urm\u00e2nd a fi folosit\u0103 pentru finan\u021barea unui proiect derulat de Asocia\u021bia \u201eAcademia Vie\u021bii\u201d din Timi\u0219oara, proiect ce are ca scop sprijinirea unor tineri proveniti din familii defavorizate, pentru creearea unor medii locative potrivite pentru familii, \u00een special familiile cu copii minori, care s\u0103 contribuie la dezvoltarea lor s\u0103 le \u00eembun\u0103t\u0103\u021beasc\u0103 via\u021ba.<\/p>\n\n\n\n<p>Reuniunea s-a \u00eencheiat cu exprimarea din partea tuturor participan\u021bilor a convingerii c\u0103 aceasta a fost o reu\u0219it\u0103, \u0219i deopotriv\u0103, a speran\u021bei unanim exprimate c\u0103 acest bal va deveni o tradi\u021bie \u00een anii ce vor urma.<\/p>\n\n\n\n<p><em>In continuare galeria foto:<\/em><\/p>\n\n\n\n<div class=\"wp-block-image is-style-default\"><figure class=\"aligncenter size-large\"><img fetchpriority=\"high\" decoding=\"async\" width=\"1024\" height=\"673\" src=\"http:\/\/ucor-ucor.ro\/new\/wp-content\/uploads\/2023\/03\/foto-1-1024x673.jpg\" alt=\"\" class=\"wp-image-930\" srcset=\"http:\/\/ucor-ucor.ro\/new\/wp-content\/uploads\/2023\/03\/foto-1-1024x673.jpg 1024w, http:\/\/ucor-ucor.ro\/new\/wp-content\/uploads\/2023\/03\/foto-1-300x197.jpg 300w, http:\/\/ucor-ucor.ro\/new\/wp-content\/uploads\/2023\/03\/foto-1-768x505.jpg 768w, http:\/\/ucor-ucor.ro\/new\/wp-content\/uploads\/2023\/03\/foto-1-1536x1010.jpg 1536w, http:\/\/ucor-ucor.ro\/new\/wp-content\/uploads\/2023\/03\/foto-1-2048x1347.jpg 2048w, http:\/\/ucor-ucor.ro\/new\/wp-content\/uploads\/2023\/03\/foto-1-1200x789.jpg 1200w, http:\/\/ucor-ucor.ro\/new\/wp-content\/uploads\/2023\/03\/foto-1-1980x1302.jpg 1980w\" sizes=\"(max-width: 1024px) 100vw, 1024px\" \/><figcaption>Foto1: Membrii UCOR prezenti la AGA, de la st\u00e2nga la dreapta: Dl Stefan Motec &#8211; Consul Onorific al Cehiei la Timisoara, Dna Av. Dr. Elena Bustea -Secretar General al UCOR, Consul Onorific al Ecuadorului la Bucuresti, Dna Georgiana Pogonaru- Vicepresedinte UCOR, Consul Onorific al Islandei la Bucuresti; Dl Andreas Huber- Presedinte UCOR, Consul Onorific al Austriei la Sibiu, Dl Amb. Ioan Donca- Prim-vicepresedinte UCOR, Consul Onorific al Letoniei la Bucuresti, Dl Endre Molnar &#8211; membru in Consiliul Director UCOR , Consul Onorific al Ungariei la Drobeta Tr. Severin, Dl Eugen Lascu \u2013 Trezorier UCOR, Consul Onorific al Maltei la Bucuresti, Dl Marius-Mihail Puiu- Consul Onorific al Austriei la Constanta, Dl Mihai Ferariu \u2013 Consul Onorific al Marelui Ducat de Luxemburg la Bucuresti si Dl. Istvan Jakab-Ughy \u2013Consul Onorific al Ungariei la Constanta.<\/figcaption><\/figure><\/div>\n\n\n\n<div class=\"wp-block-image\"><figure class=\"aligncenter size-large\"><img decoding=\"async\" width=\"1024\" height=\"683\" src=\"http:\/\/ucor-ucor.ro\/new\/wp-content\/uploads\/2023\/03\/foto-2-1024x683.jpg\" alt=\"\" class=\"wp-image-931\" srcset=\"http:\/\/ucor-ucor.ro\/new\/wp-content\/uploads\/2023\/03\/foto-2-1024x683.jpg 1024w, http:\/\/ucor-ucor.ro\/new\/wp-content\/uploads\/2023\/03\/foto-2-300x200.jpg 300w, http:\/\/ucor-ucor.ro\/new\/wp-content\/uploads\/2023\/03\/foto-2-768x513.jpg 768w, http:\/\/ucor-ucor.ro\/new\/wp-content\/uploads\/2023\/03\/foto-2-1536x1025.jpg 1536w, http:\/\/ucor-ucor.ro\/new\/wp-content\/uploads\/2023\/03\/foto-2-2048x1367.jpg 2048w, http:\/\/ucor-ucor.ro\/new\/wp-content\/uploads\/2023\/03\/foto-2-1200x801.jpg 1200w, http:\/\/ucor-ucor.ro\/new\/wp-content\/uploads\/2023\/03\/foto-2-1980x1322.jpg 1980w\" sizes=\"(max-width: 1024px) 100vw, 1024px\" \/><figcaption>Foto2: Membrii UCOR prezenti la Balul de prim\u0103var\u0103 UCOR, de la st\u00e2nga la dreapta, in randul din fata: Dl Endre Molnar &#8211; membru in Consiliul Director UCOR, Consul Onorific al Ungariei la Drobeta Tr. Severin, Dl Amb. Ioan Donca- Prim-vicepresedinte UCOR, Consul Onorific al Letoniei la Bucuresti, Dna Av. Dr. Elena Bustea -Secretar General al UCOR, Consul Onorific al Ecuadorului la Bucuresti, Dna Georgiana Pogonaru- Vicepresedinte UCOR, Consul Onorific al Islandei la Bucuresti; -in randul din spate: Dl Agripa Popescu \u2013 Consilierul Consulului Romaniei la Klagenfurt, Dl Marius-Mihail Puiu- Consul Onorific al Austriei la Constanta, Dl Stefan Motec &#8211; Consul Onorific al Cehiei la Timisoara, Dl Andreas Huber- Presedinte UCOR, Consul Onorific al Austriei la Sibiu, Dl. Istvan Jakab-Ughy \u2013Consul Onorific al Ungariei la Constanta, Dl Eugen Lascu \u2013Trezorier UCOR , Consul Onorific al Maltei la Bucuresti, Dl Ion-Valeriu Ciolacu \u2013 membru in Consiliul Director UCOR, Consul Onorific al Frantei la Brasov si Dl Mihai Ferariu \u2013 Consul Onorific al Marelui Ducat de Luxemburg la Bucuresti.<\/figcaption><\/figure><\/div>\n\n\n\n<div class=\"wp-block-image\"><figure class=\"aligncenter size-large\"><img decoding=\"async\" width=\"684\" height=\"1024\" src=\"http:\/\/ucor-ucor.ro\/new\/wp-content\/uploads\/2023\/03\/foto-3-684x1024.jpg\" alt=\"\" class=\"wp-image-932\" srcset=\"http:\/\/ucor-ucor.ro\/new\/wp-content\/uploads\/2023\/03\/foto-3-684x1024.jpg 684w, http:\/\/ucor-ucor.ro\/new\/wp-content\/uploads\/2023\/03\/foto-3-200x300.jpg 200w, http:\/\/ucor-ucor.ro\/new\/wp-content\/uploads\/2023\/03\/foto-3-768x1150.jpg 768w, http:\/\/ucor-ucor.ro\/new\/wp-content\/uploads\/2023\/03\/foto-3-1025x1536.jpg 1025w, http:\/\/ucor-ucor.ro\/new\/wp-content\/uploads\/2023\/03\/foto-3-1367x2048.jpg 1367w, http:\/\/ucor-ucor.ro\/new\/wp-content\/uploads\/2023\/03\/foto-3-1200x1798.jpg 1200w, http:\/\/ucor-ucor.ro\/new\/wp-content\/uploads\/2023\/03\/foto-3-scaled.jpg 1709w\" sizes=\"(max-width: 684px) 100vw, 684px\" \/><figcaption>Foto 3: Dl. Andreas Huber- Pre\u0219edintele Uniunii Consulilor Onorifici din Rom\u00e2nia \u0219i Consul Onorific al Republicii Austria la Sibiu.<\/figcaption><\/figure><\/div>\n\n\n\n<div class=\"wp-block-image\"><figure class=\"aligncenter size-large\"><img loading=\"lazy\" decoding=\"async\" width=\"1024\" height=\"684\" src=\"http:\/\/ucor-ucor.ro\/new\/wp-content\/uploads\/2023\/03\/foto-4-1024x684.jpg\" alt=\"\" class=\"wp-image-933\" srcset=\"http:\/\/ucor-ucor.ro\/new\/wp-content\/uploads\/2023\/03\/foto-4-1024x684.jpg 1024w, http:\/\/ucor-ucor.ro\/new\/wp-content\/uploads\/2023\/03\/foto-4-300x200.jpg 300w, http:\/\/ucor-ucor.ro\/new\/wp-content\/uploads\/2023\/03\/foto-4-768x513.jpg 768w, http:\/\/ucor-ucor.ro\/new\/wp-content\/uploads\/2023\/03\/foto-4-1536x1025.jpg 1536w, http:\/\/ucor-ucor.ro\/new\/wp-content\/uploads\/2023\/03\/foto-4-2048x1367.jpg 2048w, http:\/\/ucor-ucor.ro\/new\/wp-content\/uploads\/2023\/03\/foto-4-1200x801.jpg 1200w, http:\/\/ucor-ucor.ro\/new\/wp-content\/uploads\/2023\/03\/foto-4-1980x1322.jpg 1980w\" sizes=\"(max-width: 1024px) 100vw, 1024px\" \/><figcaption>Foto 4: Valentin-Ciprian Muntean \u2013 Director General al Departamentului Consular din cadrul Ministerului Afacerilor Externe al Rom\u00e2niei<\/figcaption><\/figure><\/div>\n","protected":false},"excerpt":{"rendered":"<p>\u00cen data de 18 martie 2023, Uniunea Consulilor Onorifici din Rom\u00e2nia (UCOR) a organizat la Sheraton Bucharest Hotel, dou\u0103 dintre cele mai importante evenimente anuale din agenda asociatiei, \u0219i anume:&nbsp; Adunarea General\u0103 Anual\u0103 a membrilor UCOR, urmat\u0103 \u00een cursul serii de \u201cBalul de primavar\u0103 UCOR\u201d, eveniment ajuns la cea de-a patra edi\u021bie. \u00cen cadrul ordinii [&hellip;]<\/p>\n","protected":false},"author":1,"featured_media":0,"parent":0,"menu_order":0,"comment_status":"closed","ping_status":"closed","template":"templates\/template-full-width.php","meta":{"footnotes":""},"yoast_head":"<!-- This site is optimized with the Yoast SEO plugin v22.5 - https:\/\/yoast.com\/wordpress\/plugins\/seo\/ -->\n<title>Adunarea General\u0103 Anual\u0103 a membrilor Uniunii Consulilor Onorifici din Rom\u00e2nia \u0219i \u201cBalul de prim\u0103var\u0103 UCOR\u201d - UCOR<\/title>\n<meta name=\"robots\" content=\"index, follow, max-snippet:-1, max-image-preview:large, max-video-preview:-1\" \/>\n<link rel=\"canonical\" href=\"http:\/\/ucor-ucor.ro\/new\/adunarea-generala-anuala-a-membrilor-uniunii-consulilor-onorifici-din-romania-si-balul-de-primavara-ucor\/\" \/>\n<meta property=\"og:locale\" content=\"en_US\" \/>\n<meta property=\"og:type\" content=\"article\" \/>\n<meta property=\"og:title\" content=\"Adunarea General\u0103 Anual\u0103 a membrilor Uniunii Consulilor Onorifici din Rom\u00e2nia \u0219i \u201cBalul de prim\u0103var\u0103 UCOR\u201d - UCOR\" \/>\n<meta property=\"og:description\" content=\"\u00cen data de 18 martie 2023, Uniunea Consulilor Onorifici din Rom\u00e2nia (UCOR) a organizat la Sheraton Bucharest Hotel, dou\u0103 dintre cele mai importante evenimente anuale din agenda asociatiei, \u0219i anume:&nbsp; Adunarea General\u0103 Anual\u0103 a membrilor UCOR, urmat\u0103 \u00een cursul serii de \u201cBalul de primavar\u0103 UCOR\u201d, eveniment ajuns la cea de-a patra edi\u021bie. \u00cen cadrul ordinii [&hellip;]\" \/>\n<meta property=\"og:url\" content=\"http:\/\/ucor-ucor.ro\/new\/adunarea-generala-anuala-a-membrilor-uniunii-consulilor-onorifici-din-romania-si-balul-de-primavara-ucor\/\" \/>\n<meta property=\"og:site_name\" content=\"UCOR\" \/>\n<meta property=\"article:modified_time\" content=\"2023-03-21T16:02:45+00:00\" \/>\n<meta property=\"og:image\" content=\"http:\/\/ucor-ucor.ro\/new\/wp-content\/uploads\/2023\/03\/foto-1-1024x673.jpg\" \/>\n<meta name=\"twitter:card\" content=\"summary_large_image\" \/>\n<meta name=\"twitter:label1\" content=\"Est. reading time\" \/>\n\t<meta name=\"twitter:data1\" content=\"5 minutes\" \/>\n<script type=\"application\/ld+json\" class=\"yoast-schema-graph\">{\"@context\":\"https:\/\/schema.org\",\"@graph\":[{\"@type\":\"WebPage\",\"@id\":\"http:\/\/ucor-ucor.ro\/new\/adunarea-generala-anuala-a-membrilor-uniunii-consulilor-onorifici-din-romania-si-balul-de-primavara-ucor\/\",\"url\":\"http:\/\/ucor-ucor.ro\/new\/adunarea-generala-anuala-a-membrilor-uniunii-consulilor-onorifici-din-romania-si-balul-de-primavara-ucor\/\",\"name\":\"Adunarea General\u0103 Anual\u0103 a membrilor Uniunii Consulilor Onorifici din Rom\u00e2nia \u0219i \u201cBalul de prim\u0103var\u0103 UCOR\u201d - UCOR\",\"isPartOf\":{\"@id\":\"https:\/\/ucor-ucor.ro\/new\/#website\"},\"primaryImageOfPage\":{\"@id\":\"http:\/\/ucor-ucor.ro\/new\/adunarea-generala-anuala-a-membrilor-uniunii-consulilor-onorifici-din-romania-si-balul-de-primavara-ucor\/#primaryimage\"},\"image\":{\"@id\":\"http:\/\/ucor-ucor.ro\/new\/adunarea-generala-anuala-a-membrilor-uniunii-consulilor-onorifici-din-romania-si-balul-de-primavara-ucor\/#primaryimage\"},\"thumbnailUrl\":\"http:\/\/ucor-ucor.ro\/new\/wp-content\/uploads\/2023\/03\/foto-1-1024x673.jpg\",\"datePublished\":\"2023-03-21T14:48:10+00:00\",\"dateModified\":\"2023-03-21T16:02:45+00:00\",\"breadcrumb\":{\"@id\":\"http:\/\/ucor-ucor.ro\/new\/adunarea-generala-anuala-a-membrilor-uniunii-consulilor-onorifici-din-romania-si-balul-de-primavara-ucor\/#breadcrumb\"},\"inLanguage\":\"en-US\",\"potentialAction\":[{\"@type\":\"ReadAction\",\"target\":[\"http:\/\/ucor-ucor.ro\/new\/adunarea-generala-anuala-a-membrilor-uniunii-consulilor-onorifici-din-romania-si-balul-de-primavara-ucor\/\"]}]},{\"@type\":\"ImageObject\",\"inLanguage\":\"en-US\",\"@id\":\"http:\/\/ucor-ucor.ro\/new\/adunarea-generala-anuala-a-membrilor-uniunii-consulilor-onorifici-din-romania-si-balul-de-primavara-ucor\/#primaryimage\",\"url\":\"http:\/\/ucor-ucor.ro\/new\/wp-content\/uploads\/2023\/03\/foto-1-1024x673.jpg\",\"contentUrl\":\"http:\/\/ucor-ucor.ro\/new\/wp-content\/uploads\/2023\/03\/foto-1-1024x673.jpg\"},{\"@type\":\"BreadcrumbList\",\"@id\":\"http:\/\/ucor-ucor.ro\/new\/adunarea-generala-anuala-a-membrilor-uniunii-consulilor-onorifici-din-romania-si-balul-de-primavara-ucor\/#breadcrumb\",\"itemListElement\":[{\"@type\":\"ListItem\",\"position\":1,\"name\":\"Home\",\"item\":\"https:\/\/ucor-ucor.ro\/new\/\"},{\"@type\":\"ListItem\",\"position\":2,\"name\":\"Adunarea General\u0103 Anual\u0103 a membrilor Uniunii Consulilor Onorifici din Rom\u00e2nia \u0219i \u201cBalul de prim\u0103var\u0103 UCOR\u201d\"}]},{\"@type\":\"WebSite\",\"@id\":\"https:\/\/ucor-ucor.ro\/new\/#website\",\"url\":\"https:\/\/ucor-ucor.ro\/new\/\",\"name\":\"UCOR\",\"description\":\"\",\"publisher\":{\"@id\":\"https:\/\/ucor-ucor.ro\/new\/#organization\"},\"potentialAction\":[{\"@type\":\"SearchAction\",\"target\":{\"@type\":\"EntryPoint\",\"urlTemplate\":\"https:\/\/ucor-ucor.ro\/new\/?s={search_term_string}\"},\"query-input\":\"required name=search_term_string\"}],\"inLanguage\":\"en-US\"},{\"@type\":\"Organization\",\"@id\":\"https:\/\/ucor-ucor.ro\/new\/#organization\",\"name\":\"UCOR\",\"url\":\"https:\/\/ucor-ucor.ro\/new\/\",\"logo\":{\"@type\":\"ImageObject\",\"inLanguage\":\"en-US\",\"@id\":\"https:\/\/ucor-ucor.ro\/new\/#\/schema\/logo\/image\/\",\"url\":\"http:\/\/ucor-ucor.ro\/new\/wp-content\/uploads\/2020\/06\/cropped-UCOR.png\",\"contentUrl\":\"http:\/\/ucor-ucor.ro\/new\/wp-content\/uploads\/2020\/06\/cropped-UCOR.png\",\"width\":395,\"height\":128,\"caption\":\"UCOR\"},\"image\":{\"@id\":\"https:\/\/ucor-ucor.ro\/new\/#\/schema\/logo\/image\/\"}}]}<\/script>\n<!-- \/ Yoast SEO plugin. -->","yoast_head_json":{"title":"Adunarea General\u0103 Anual\u0103 a membrilor Uniunii Consulilor Onorifici din Rom\u00e2nia \u0219i \u201cBalul de prim\u0103var\u0103 UCOR\u201d - UCOR","robots":{"index":"index","follow":"follow","max-snippet":"max-snippet:-1","max-image-preview":"max-image-preview:large","max-video-preview":"max-video-preview:-1"},"canonical":"http:\/\/ucor-ucor.ro\/new\/adunarea-generala-anuala-a-membrilor-uniunii-consulilor-onorifici-din-romania-si-balul-de-primavara-ucor\/","og_locale":"en_US","og_type":"article","og_title":"Adunarea General\u0103 Anual\u0103 a membrilor Uniunii Consulilor Onorifici din Rom\u00e2nia \u0219i \u201cBalul de prim\u0103var\u0103 UCOR\u201d - UCOR","og_description":"\u00cen data de 18 martie 2023, Uniunea Consulilor Onorifici din Rom\u00e2nia (UCOR) a organizat la Sheraton Bucharest Hotel, dou\u0103 dintre cele mai importante evenimente anuale din agenda asociatiei, \u0219i anume:&nbsp; Adunarea General\u0103 Anual\u0103 a membrilor UCOR, urmat\u0103 \u00een cursul serii de \u201cBalul de primavar\u0103 UCOR\u201d, eveniment ajuns la cea de-a patra edi\u021bie. \u00cen cadrul ordinii [&hellip;]","og_url":"http:\/\/ucor-ucor.ro\/new\/adunarea-generala-anuala-a-membrilor-uniunii-consulilor-onorifici-din-romania-si-balul-de-primavara-ucor\/","og_site_name":"UCOR","article_modified_time":"2023-03-21T16:02:45+00:00","og_image":[{"url":"http:\/\/ucor-ucor.ro\/new\/wp-content\/uploads\/2023\/03\/foto-1-1024x673.jpg"}],"twitter_card":"summary_large_image","twitter_misc":{"Est. reading time":"5 minutes"},"schema":{"@context":"https:\/\/schema.org","@graph":[{"@type":"WebPage","@id":"http:\/\/ucor-ucor.ro\/new\/adunarea-generala-anuala-a-membrilor-uniunii-consulilor-onorifici-din-romania-si-balul-de-primavara-ucor\/","url":"http:\/\/ucor-ucor.ro\/new\/adunarea-generala-anuala-a-membrilor-uniunii-consulilor-onorifici-din-romania-si-balul-de-primavara-ucor\/","name":"Adunarea General\u0103 Anual\u0103 a membrilor Uniunii Consulilor Onorifici din Rom\u00e2nia \u0219i \u201cBalul de prim\u0103var\u0103 UCOR\u201d - UCOR","isPartOf":{"@id":"https:\/\/ucor-ucor.ro\/new\/#website"},"primaryImageOfPage":{"@id":"http:\/\/ucor-ucor.ro\/new\/adunarea-generala-anuala-a-membrilor-uniunii-consulilor-onorifici-din-romania-si-balul-de-primavara-ucor\/#primaryimage"},"image":{"@id":"http:\/\/ucor-ucor.ro\/new\/adunarea-generala-anuala-a-membrilor-uniunii-consulilor-onorifici-din-romania-si-balul-de-primavara-ucor\/#primaryimage"},"thumbnailUrl":"http:\/\/ucor-ucor.ro\/new\/wp-content\/uploads\/2023\/03\/foto-1-1024x673.jpg","datePublished":"2023-03-21T14:48:10+00:00","dateModified":"2023-03-21T16:02:45+00:00","breadcrumb":{"@id":"http:\/\/ucor-ucor.ro\/new\/adunarea-generala-anuala-a-membrilor-uniunii-consulilor-onorifici-din-romania-si-balul-de-primavara-ucor\/#breadcrumb"},"inLanguage":"en-US","potentialAction":[{"@type":"ReadAction","target":["http:\/\/ucor-ucor.ro\/new\/adunarea-generala-anuala-a-membrilor-uniunii-consulilor-onorifici-din-romania-si-balul-de-primavara-ucor\/"]}]},{"@type":"ImageObject","inLanguage":"en-US","@id":"http:\/\/ucor-ucor.ro\/new\/adunarea-generala-anuala-a-membrilor-uniunii-consulilor-onorifici-din-romania-si-balul-de-primavara-ucor\/#primaryimage","url":"http:\/\/ucor-ucor.ro\/new\/wp-content\/uploads\/2023\/03\/foto-1-1024x673.jpg","contentUrl":"http:\/\/ucor-ucor.ro\/new\/wp-content\/uploads\/2023\/03\/foto-1-1024x673.jpg"},{"@type":"BreadcrumbList","@id":"http:\/\/ucor-ucor.ro\/new\/adunarea-generala-anuala-a-membrilor-uniunii-consulilor-onorifici-din-romania-si-balul-de-primavara-ucor\/#breadcrumb","itemListElement":[{"@type":"ListItem","position":1,"name":"Home","item":"https:\/\/ucor-ucor.ro\/new\/"},{"@type":"ListItem","position":2,"name":"Adunarea General\u0103 Anual\u0103 a membrilor Uniunii Consulilor Onorifici din Rom\u00e2nia \u0219i \u201cBalul de prim\u0103var\u0103 UCOR\u201d"}]},{"@type":"WebSite","@id":"https:\/\/ucor-ucor.ro\/new\/#website","url":"https:\/\/ucor-ucor.ro\/new\/","name":"UCOR","description":"","publisher":{"@id":"https:\/\/ucor-ucor.ro\/new\/#organization"},"potentialAction":[{"@type":"SearchAction","target":{"@type":"EntryPoint","urlTemplate":"https:\/\/ucor-ucor.ro\/new\/?s={search_term_string}"},"query-input":"required name=search_term_string"}],"inLanguage":"en-US"},{"@type":"Organization","@id":"https:\/\/ucor-ucor.ro\/new\/#organization","name":"UCOR","url":"https:\/\/ucor-ucor.ro\/new\/","logo":{"@type":"ImageObject","inLanguage":"en-US","@id":"https:\/\/ucor-ucor.ro\/new\/#\/schema\/logo\/image\/","url":"http:\/\/ucor-ucor.ro\/new\/wp-content\/uploads\/2020\/06\/cropped-UCOR.png","contentUrl":"http:\/\/ucor-ucor.ro\/new\/wp-content\/uploads\/2020\/06\/cropped-UCOR.png","width":395,"height":128,"caption":"UCOR"},"image":{"@id":"https:\/\/ucor-ucor.ro\/new\/#\/schema\/logo\/image\/"}}]}},"_links":{"self":[{"href":"http:\/\/ucor-ucor.ro\/new\/wp-json\/wp\/v2\/pages\/929"}],"collection":[{"href":"http:\/\/ucor-ucor.ro\/new\/wp-json\/wp\/v2\/pages"}],"about":[{"href":"http:\/\/ucor-ucor.ro\/new\/wp-json\/wp\/v2\/types\/page"}],"author":[{"embeddable":true,"href":"http:\/\/ucor-ucor.ro\/new\/wp-json\/wp\/v2\/users\/1"}],"replies":[{"embeddable":true,"href":"http:\/\/ucor-ucor.ro\/new\/wp-json\/wp\/v2\/comments?post=929"}],"version-history":[{"count":5,"href":"http:\/\/ucor-ucor.ro\/new\/wp-json\/wp\/v2\/pages\/929\/revisions"}],"predecessor-version":[{"id":943,"href":"http:\/\/ucor-ucor.ro\/new\/wp-json\/wp\/v2\/pages\/929\/revisions\/943"}],"wp:attachment":[{"href":"http:\/\/ucor-ucor.ro\/new\/wp-json\/wp\/v2\/media?parent=929"}],"curies":[{"name":"wp","href":"https:\/\/api.w.org\/{rel}","templated":true}]}}