{"id":832,"date":"2022-10-13T04:27:59","date_gmt":"2022-10-13T04:27:59","guid":{"rendered":"http:\/\/ucor-ucor.ro\/new\/?page_id=832"},"modified":"2022-10-13T05:05:17","modified_gmt":"2022-10-13T05:05:17","slug":"ziua-unitatii-germane","status":"publish","type":"page","link":"http:\/\/ucor-ucor.ro\/new\/ziua-unitatii-germane\/","title":{"rendered":"Ziua Unit\u0103\u021bii Germane"},"content":{"rendered":"\n<p>Ziua Unit\u0103\u021bii Germane, a fost aniversat\u0103 sub semnul celor &#8220;30 de ani de prietenie germano-rom\u00e2n\u0103&#8221;, dar \u015fi umbrit\u0103 de r\u0103zboiul din Ucraina.<\/p>\n\n\n\n<p>Cu prilejul s\u0103rb\u0103toarii na\u021bionale a Germaniei, E.S. doamna Kerstin Ursula Jahn- Consul al Republicii Federale Germania la Sibiu a oferit la Sibiu in data de 3 octombrie 2022, o receptie la care au fost invitati si au participat reprezentanti ai autoritatilor locale, ai mediului de afaceri, si nu in ultimul rand reprezentanti din lumea diplomatica.<\/p>\n\n\n\n<p>Pe langa alti invitati, la eveniment au fost prezen\u021bi: domnul Andreas Huber- Consul onorific al Republicii Austria la Sibiu si Presedintele Uniunii Consulilor Onorifici din Romania, domnul Ion-Valeriu Ciolacu- Consul Onorific al Republicii Franceze la Brasov si domnul Daniel Plier- Consul Onorific al Marelui Ducat de Luxemburg la Sibiu.<\/p>\n\n\n\n<figure class=\"wp-block-image size-large\"><img fetchpriority=\"high\" decoding=\"async\" width=\"1024\" height=\"681\" src=\"http:\/\/ucor-ucor.ro\/new\/wp-content\/uploads\/2022\/10\/Day-of-German-Unity-SB_Mrs.-Consul-Jahn_Honorary-Consuls-1-1024x681.jpg\" alt=\"\" class=\"wp-image-838\" srcset=\"http:\/\/ucor-ucor.ro\/new\/wp-content\/uploads\/2022\/10\/Day-of-German-Unity-SB_Mrs.-Consul-Jahn_Honorary-Consuls-1-1024x681.jpg 1024w, http:\/\/ucor-ucor.ro\/new\/wp-content\/uploads\/2022\/10\/Day-of-German-Unity-SB_Mrs.-Consul-Jahn_Honorary-Consuls-1-300x200.jpg 300w, http:\/\/ucor-ucor.ro\/new\/wp-content\/uploads\/2022\/10\/Day-of-German-Unity-SB_Mrs.-Consul-Jahn_Honorary-Consuls-1-768x511.jpg 768w, http:\/\/ucor-ucor.ro\/new\/wp-content\/uploads\/2022\/10\/Day-of-German-Unity-SB_Mrs.-Consul-Jahn_Honorary-Consuls-1-1536x1022.jpg 1536w, http:\/\/ucor-ucor.ro\/new\/wp-content\/uploads\/2022\/10\/Day-of-German-Unity-SB_Mrs.-Consul-Jahn_Honorary-Consuls-1-2048x1363.jpg 2048w, http:\/\/ucor-ucor.ro\/new\/wp-content\/uploads\/2022\/10\/Day-of-German-Unity-SB_Mrs.-Consul-Jahn_Honorary-Consuls-1-1200x798.jpg 1200w, http:\/\/ucor-ucor.ro\/new\/wp-content\/uploads\/2022\/10\/Day-of-German-Unity-SB_Mrs.-Consul-Jahn_Honorary-Consuls-1-1980x1317.jpg 1980w\" sizes=\"(max-width: 1024px) 100vw, 1024px\" \/><figcaption><br><br>In fotografie , de la stanga la dreapta:<br>Dl Daniel Plier- Consul Onorific al Marelui Ducat de Luxemburg la Sibiu. E.S. Dna Kerstin Ursula Jahn- Consul al Republicii Federale Germania la Sibiu, Dl Andreas Huber- Consul onorific al Republicii Austria la Sibiu si Presedintele Uniunii Consulilor Onorifici din Romania si Dl Ion-Valeriu Ciolacu- Consul Onorific al Republicii Franceze la Brasov.<br>Photo: Sebastian Marcovici<\/figcaption><\/figure>\n\n\n\n<p><\/p>\n","protected":false},"excerpt":{"rendered":"<p>Ziua Unit\u0103\u021bii Germane, a fost aniversat\u0103 sub semnul celor &#8220;30 de ani de prietenie germano-rom\u00e2n\u0103&#8221;, dar \u015fi umbrit\u0103 de r\u0103zboiul din Ucraina. Cu prilejul s\u0103rb\u0103toarii na\u021bionale a Germaniei, E.S. doamna Kerstin Ursula Jahn- Consul al Republicii Federale Germania la Sibiu a oferit la Sibiu in data de 3 octombrie 2022, o receptie la care au [&hellip;]<\/p>\n","protected":false},"author":1,"featured_media":0,"parent":0,"menu_order":0,"comment_status":"closed","ping_status":"closed","template":"templates\/template-full-width.php","meta":{"footnotes":""},"yoast_head":"<!-- This site is optimized with the Yoast SEO plugin v22.5 - https:\/\/yoast.com\/wordpress\/plugins\/seo\/ -->\n<title>Ziua Unit\u0103\u021bii Germane - UCOR<\/title>\n<meta name=\"robots\" content=\"index, follow, max-snippet:-1, max-image-preview:large, max-video-preview:-1\" \/>\n<link rel=\"canonical\" href=\"http:\/\/ucor-ucor.ro\/new\/ziua-unitatii-germane\/\" \/>\n<meta property=\"og:locale\" content=\"en_US\" \/>\n<meta property=\"og:type\" content=\"article\" \/>\n<meta property=\"og:title\" content=\"Ziua Unit\u0103\u021bii Germane - UCOR\" \/>\n<meta property=\"og:description\" content=\"Ziua Unit\u0103\u021bii Germane, a fost aniversat\u0103 sub semnul celor &#8220;30 de ani de prietenie germano-rom\u00e2n\u0103&#8221;, dar \u015fi umbrit\u0103 de r\u0103zboiul din Ucraina. Cu prilejul s\u0103rb\u0103toarii na\u021bionale a Germaniei, E.S. doamna Kerstin Ursula Jahn- Consul al Republicii Federale Germania la Sibiu a oferit la Sibiu in data de 3 octombrie 2022, o receptie la care au [&hellip;]\" \/>\n<meta property=\"og:url\" content=\"http:\/\/ucor-ucor.ro\/new\/ziua-unitatii-germane\/\" \/>\n<meta property=\"og:site_name\" content=\"UCOR\" \/>\n<meta property=\"article:modified_time\" content=\"2022-10-13T05:05:17+00:00\" \/>\n<meta property=\"og:image\" content=\"http:\/\/ucor-ucor.ro\/new\/wp-content\/uploads\/2022\/10\/Day-of-German-Unity-SB_Mrs.-Consul-Jahn_Honorary-Consuls-1-1024x681.jpg\" \/>\n<meta name=\"twitter:card\" content=\"summary_large_image\" \/>\n<meta name=\"twitter:label1\" content=\"Est. reading time\" \/>\n\t<meta name=\"twitter:data1\" content=\"2 minutes\" \/>\n<script type=\"application\/ld+json\" class=\"yoast-schema-graph\">{\"@context\":\"https:\/\/schema.org\",\"@graph\":[{\"@type\":\"WebPage\",\"@id\":\"http:\/\/ucor-ucor.ro\/new\/ziua-unitatii-germane\/\",\"url\":\"http:\/\/ucor-ucor.ro\/new\/ziua-unitatii-germane\/\",\"name\":\"Ziua Unit\u0103\u021bii Germane - UCOR\",\"isPartOf\":{\"@id\":\"https:\/\/ucor-ucor.ro\/new\/#website\"},\"primaryImageOfPage\":{\"@id\":\"http:\/\/ucor-ucor.ro\/new\/ziua-unitatii-germane\/#primaryimage\"},\"image\":{\"@id\":\"http:\/\/ucor-ucor.ro\/new\/ziua-unitatii-germane\/#primaryimage\"},\"thumbnailUrl\":\"http:\/\/ucor-ucor.ro\/new\/wp-content\/uploads\/2022\/10\/Day-of-German-Unity-SB_Mrs.-Consul-Jahn_Honorary-Consuls-1-1024x681.jpg\",\"datePublished\":\"2022-10-13T04:27:59+00:00\",\"dateModified\":\"2022-10-13T05:05:17+00:00\",\"breadcrumb\":{\"@id\":\"http:\/\/ucor-ucor.ro\/new\/ziua-unitatii-germane\/#breadcrumb\"},\"inLanguage\":\"en-US\",\"potentialAction\":[{\"@type\":\"ReadAction\",\"target\":[\"http:\/\/ucor-ucor.ro\/new\/ziua-unitatii-germane\/\"]}]},{\"@type\":\"ImageObject\",\"inLanguage\":\"en-US\",\"@id\":\"http:\/\/ucor-ucor.ro\/new\/ziua-unitatii-germane\/#primaryimage\",\"url\":\"http:\/\/ucor-ucor.ro\/new\/wp-content\/uploads\/2022\/10\/Day-of-German-Unity-SB_Mrs.-Consul-Jahn_Honorary-Consuls-1-scaled.jpg\",\"contentUrl\":\"http:\/\/ucor-ucor.ro\/new\/wp-content\/uploads\/2022\/10\/Day-of-German-Unity-SB_Mrs.-Consul-Jahn_Honorary-Consuls-1-scaled.jpg\",\"width\":2560,\"height\":1703},{\"@type\":\"BreadcrumbList\",\"@id\":\"http:\/\/ucor-ucor.ro\/new\/ziua-unitatii-germane\/#breadcrumb\",\"itemListElement\":[{\"@type\":\"ListItem\",\"position\":1,\"name\":\"Home\",\"item\":\"https:\/\/ucor-ucor.ro\/new\/\"},{\"@type\":\"ListItem\",\"position\":2,\"name\":\"Ziua Unit\u0103\u021bii Germane\"}]},{\"@type\":\"WebSite\",\"@id\":\"https:\/\/ucor-ucor.ro\/new\/#website\",\"url\":\"https:\/\/ucor-ucor.ro\/new\/\",\"name\":\"UCOR\",\"description\":\"\",\"publisher\":{\"@id\":\"https:\/\/ucor-ucor.ro\/new\/#organization\"},\"potentialAction\":[{\"@type\":\"SearchAction\",\"target\":{\"@type\":\"EntryPoint\",\"urlTemplate\":\"https:\/\/ucor-ucor.ro\/new\/?s={search_term_string}\"},\"query-input\":\"required name=search_term_string\"}],\"inLanguage\":\"en-US\"},{\"@type\":\"Organization\",\"@id\":\"https:\/\/ucor-ucor.ro\/new\/#organization\",\"name\":\"UCOR\",\"url\":\"https:\/\/ucor-ucor.ro\/new\/\",\"logo\":{\"@type\":\"ImageObject\",\"inLanguage\":\"en-US\",\"@id\":\"https:\/\/ucor-ucor.ro\/new\/#\/schema\/logo\/image\/\",\"url\":\"http:\/\/ucor-ucor.ro\/new\/wp-content\/uploads\/2020\/06\/cropped-UCOR.png\",\"contentUrl\":\"http:\/\/ucor-ucor.ro\/new\/wp-content\/uploads\/2020\/06\/cropped-UCOR.png\",\"width\":395,\"height\":128,\"caption\":\"UCOR\"},\"image\":{\"@id\":\"https:\/\/ucor-ucor.ro\/new\/#\/schema\/logo\/image\/\"}}]}<\/script>\n<!-- \/ Yoast SEO plugin. -->","yoast_head_json":{"title":"Ziua Unit\u0103\u021bii Germane - UCOR","robots":{"index":"index","follow":"follow","max-snippet":"max-snippet:-1","max-image-preview":"max-image-preview:large","max-video-preview":"max-video-preview:-1"},"canonical":"http:\/\/ucor-ucor.ro\/new\/ziua-unitatii-germane\/","og_locale":"en_US","og_type":"article","og_title":"Ziua Unit\u0103\u021bii Germane - UCOR","og_description":"Ziua Unit\u0103\u021bii Germane, a fost aniversat\u0103 sub semnul celor &#8220;30 de ani de prietenie germano-rom\u00e2n\u0103&#8221;, dar \u015fi umbrit\u0103 de r\u0103zboiul din Ucraina. Cu prilejul s\u0103rb\u0103toarii na\u021bionale a Germaniei, E.S. doamna Kerstin Ursula Jahn- Consul al Republicii Federale Germania la Sibiu a oferit la Sibiu in data de 3 octombrie 2022, o receptie la care au [&hellip;]","og_url":"http:\/\/ucor-ucor.ro\/new\/ziua-unitatii-germane\/","og_site_name":"UCOR","article_modified_time":"2022-10-13T05:05:17+00:00","og_image":[{"url":"http:\/\/ucor-ucor.ro\/new\/wp-content\/uploads\/2022\/10\/Day-of-German-Unity-SB_Mrs.-Consul-Jahn_Honorary-Consuls-1-1024x681.jpg"}],"twitter_card":"summary_large_image","twitter_misc":{"Est. reading time":"2 minutes"},"schema":{"@context":"https:\/\/schema.org","@graph":[{"@type":"WebPage","@id":"http:\/\/ucor-ucor.ro\/new\/ziua-unitatii-germane\/","url":"http:\/\/ucor-ucor.ro\/new\/ziua-unitatii-germane\/","name":"Ziua Unit\u0103\u021bii Germane - UCOR","isPartOf":{"@id":"https:\/\/ucor-ucor.ro\/new\/#website"},"primaryImageOfPage":{"@id":"http:\/\/ucor-ucor.ro\/new\/ziua-unitatii-germane\/#primaryimage"},"image":{"@id":"http:\/\/ucor-ucor.ro\/new\/ziua-unitatii-germane\/#primaryimage"},"thumbnailUrl":"http:\/\/ucor-ucor.ro\/new\/wp-content\/uploads\/2022\/10\/Day-of-German-Unity-SB_Mrs.-Consul-Jahn_Honorary-Consuls-1-1024x681.jpg","datePublished":"2022-10-13T04:27:59+00:00","dateModified":"2022-10-13T05:05:17+00:00","breadcrumb":{"@id":"http:\/\/ucor-ucor.ro\/new\/ziua-unitatii-germane\/#breadcrumb"},"inLanguage":"en-US","potentialAction":[{"@type":"ReadAction","target":["http:\/\/ucor-ucor.ro\/new\/ziua-unitatii-germane\/"]}]},{"@type":"ImageObject","inLanguage":"en-US","@id":"http:\/\/ucor-ucor.ro\/new\/ziua-unitatii-germane\/#primaryimage","url":"http:\/\/ucor-ucor.ro\/new\/wp-content\/uploads\/2022\/10\/Day-of-German-Unity-SB_Mrs.-Consul-Jahn_Honorary-Consuls-1-scaled.jpg","contentUrl":"http:\/\/ucor-ucor.ro\/new\/wp-content\/uploads\/2022\/10\/Day-of-German-Unity-SB_Mrs.-Consul-Jahn_Honorary-Consuls-1-scaled.jpg","width":2560,"height":1703},{"@type":"BreadcrumbList","@id":"http:\/\/ucor-ucor.ro\/new\/ziua-unitatii-germane\/#breadcrumb","itemListElement":[{"@type":"ListItem","position":1,"name":"Home","item":"https:\/\/ucor-ucor.ro\/new\/"},{"@type":"ListItem","position":2,"name":"Ziua Unit\u0103\u021bii Germane"}]},{"@type":"WebSite","@id":"https:\/\/ucor-ucor.ro\/new\/#website","url":"https:\/\/ucor-ucor.ro\/new\/","name":"UCOR","description":"","publisher":{"@id":"https:\/\/ucor-ucor.ro\/new\/#organization"},"potentialAction":[{"@type":"SearchAction","target":{"@type":"EntryPoint","urlTemplate":"https:\/\/ucor-ucor.ro\/new\/?s={search_term_string}"},"query-input":"required name=search_term_string"}],"inLanguage":"en-US"},{"@type":"Organization","@id":"https:\/\/ucor-ucor.ro\/new\/#organization","name":"UCOR","url":"https:\/\/ucor-ucor.ro\/new\/","logo":{"@type":"ImageObject","inLanguage":"en-US","@id":"https:\/\/ucor-ucor.ro\/new\/#\/schema\/logo\/image\/","url":"http:\/\/ucor-ucor.ro\/new\/wp-content\/uploads\/2020\/06\/cropped-UCOR.png","contentUrl":"http:\/\/ucor-ucor.ro\/new\/wp-content\/uploads\/2020\/06\/cropped-UCOR.png","width":395,"height":128,"caption":"UCOR"},"image":{"@id":"https:\/\/ucor-ucor.ro\/new\/#\/schema\/logo\/image\/"}}]}},"_links":{"self":[{"href":"http:\/\/ucor-ucor.ro\/new\/wp-json\/wp\/v2\/pages\/832"}],"collection":[{"href":"http:\/\/ucor-ucor.ro\/new\/wp-json\/wp\/v2\/pages"}],"about":[{"href":"http:\/\/ucor-ucor.ro\/new\/wp-json\/wp\/v2\/types\/page"}],"author":[{"embeddable":true,"href":"http:\/\/ucor-ucor.ro\/new\/wp-json\/wp\/v2\/users\/1"}],"replies":[{"embeddable":true,"href":"http:\/\/ucor-ucor.ro\/new\/wp-json\/wp\/v2\/comments?post=832"}],"version-history":[{"count":3,"href":"http:\/\/ucor-ucor.ro\/new\/wp-json\/wp\/v2\/pages\/832\/revisions"}],"predecessor-version":[{"id":840,"href":"http:\/\/ucor-ucor.ro\/new\/wp-json\/wp\/v2\/pages\/832\/revisions\/840"}],"wp:attachment":[{"href":"http:\/\/ucor-ucor.ro\/new\/wp-json\/wp\/v2\/media?parent=832"}],"curies":[{"name":"wp","href":"https:\/\/api.w.org\/{rel}","templated":true}]}}