{"id":816,"date":"2022-09-26T06:29:50","date_gmt":"2022-09-26T06:29:50","guid":{"rendered":"http:\/\/ucor-ucor.ro\/new\/?page_id=816"},"modified":"2022-09-26T06:32:03","modified_gmt":"2022-09-26T06:32:03","slug":"conducerea-uniunii-consulilor-onorifici-din-romania-ucor-a-fost-primita-de-catre-ministrul-afacerilor-externe-bogdan-aurescu","status":"publish","type":"page","link":"http:\/\/ucor-ucor.ro\/new\/conducerea-uniunii-consulilor-onorifici-din-romania-ucor-a-fost-primita-de-catre-ministrul-afacerilor-externe-bogdan-aurescu\/","title":{"rendered":"Conducerea Uniunii Consulilor Onorifici din Rom\u00e2nia (UCOR) a fost primit\u0103 de c\u0103tre Ministrul Afacerilor Externe Bogdan Aurescu"},"content":{"rendered":"\n<p>Pre\u0219edintele Uniunii Consulilor Onorifici din Rom\u00e2nia (UCOR), Andreas Huber, \u00eempreun\u0103 cu&nbsp; reprezentan\u021bii Consiliului Director al UCOR au fost primi\u0163i mar\u0163i, 13 septembrie 2022, de c\u0103tre Ministrul Afacerilor Externe Bogdan Aurescu.<\/p>\n\n\n\n<p>\u00cen cadrul \u00eent\u00e2lnirii, ministrul Bogdan Aurescu a exprimat apreciere pentru rolul consulilor onorifici acredita\u021bi \u00een Rom\u00e2nia \u00een dezvoltarea rela\u021biilor bilaterale dintre Rom\u00e2nia \u0219i \u021b\u0103rile pe care ace\u0219tia le reprezint\u0103, cu prec\u0103dere \u00een domeniul diploma\u021biei economice \u0219i al contactelor inter-umane. Ministrul Bogdan Aurescu a evocat, \u00een acest context, foarte buna coordonare \u00eentre MAE \u0219i consulii onorifici acredita\u021bi \u00een Rom\u00e2nia \u00een eforturile de evacuare a cet\u0103\u021benilor str\u0103ini din Ucraina, ca urmare a declan\u0219\u0103rii agresiunii ilegale, nejustificate \u0219i neprovocate a Federa\u021biei Ruse.<\/p>\n\n\n\n<p>De asemenea, ministrul Bogdan Aurescu a reiterat deschiderea MAE pentru consolidarea dialogului \u0219i colabor\u0103rii dintre MAE \u0219i UCOR, cu obiectivul de a sprijini \u0219i facilita activitatea desf\u0103\u0219urat\u0103 de consulii onorifici \u00een Rom\u00e2nia. \u00cen acest context, \u0219eful diploma\u021biei rom\u00e2ne a \u00eencurajat o participare activ\u0103 a consulilor onorifici la evenimentele de diploma\u021bie public\u0103 pe care MAE le organizeaz\u0103, \u00een scopul multiplic\u0103rii oportunit\u0103\u021bilor de interac\u021biune ale corpului diplomatic \u0219i consular al Rom\u00e2niei cu reprezentan\u021bii consulari onorifici acredita\u021bi \u00een Rom\u00e2nia.<\/p>\n\n\n\n<p>La r\u00e2ndul s\u0103u, Pre\u0219edintele Andreas Huber, \u00eempreun\u0103 cu ceilal\u021bi reprezentan\u021bi ai conducerii UCOR, a mul\u021bumit pentru sprijinul constant de care UCOR beneficiaz\u0103 din partea conducerii MAE. A asigurat, totodat\u0103, c\u0103 UCOR depune toate eforturile pentru aprofundarea \u0219i extinderea rela\u021biilor dintre Rom\u00e2nia \u0219i \u021b\u0103rile reprezentate.<\/p>\n\n\n\n<p>\u00cen cadrul \u00eentrevederii, s-a convenit analizarea posibilit\u0103\u021bii ca UCOR s\u0103 organizeze, \u00een viitorul apropiat, \u00een parteneriat cu MAE \u0219i alte institu\u021bii publice, o serie de evenimente tematice pe linia diploma\u021biei economice.<\/p>\n\n\n\n<figure class=\"wp-block-gallery columns-2 is-cropped wp-block-gallery-1 is-layout-flex wp-block-gallery-is-layout-flex\"><ul class=\"blocks-gallery-grid\"><li class=\"blocks-gallery-item\"><figure><img fetchpriority=\"high\" decoding=\"async\" width=\"640\" height=\"480\" src=\"http:\/\/ucor-ucor.ro\/new\/wp-content\/uploads\/2022\/09\/2.jpg\" alt=\"\" data-id=\"819\" data-full-url=\"http:\/\/ucor-ucor.ro\/new\/wp-content\/uploads\/2022\/09\/2.jpg\" data-link=\"http:\/\/ucor-ucor.ro\/new\/conducerea-uniunii-consulilor-onorifici-din-romania-ucor-a-fost-primita-de-catre-ministrul-afacerilor-externe-bogdan-aurescu\/2-5\/\" class=\"wp-image-819\" srcset=\"http:\/\/ucor-ucor.ro\/new\/wp-content\/uploads\/2022\/09\/2.jpg 640w, http:\/\/ucor-ucor.ro\/new\/wp-content\/uploads\/2022\/09\/2-300x225.jpg 300w\" sizes=\"(max-width: 640px) 100vw, 640px\" \/><\/figure><\/li><li class=\"blocks-gallery-item\"><figure><img decoding=\"async\" width=\"1024\" height=\"818\" src=\"http:\/\/ucor-ucor.ro\/new\/wp-content\/uploads\/2022\/09\/2022.09.13_ba_ucor-1024x818.jpg\" alt=\"\" data-id=\"820\" data-full-url=\"http:\/\/ucor-ucor.ro\/new\/wp-content\/uploads\/2022\/09\/2022.09.13_ba_ucor.jpg\" data-link=\"http:\/\/ucor-ucor.ro\/new\/conducerea-uniunii-consulilor-onorifici-din-romania-ucor-a-fost-primita-de-catre-ministrul-afacerilor-externe-bogdan-aurescu\/2022-09-13_ba_ucor\/\" class=\"wp-image-820\" srcset=\"http:\/\/ucor-ucor.ro\/new\/wp-content\/uploads\/2022\/09\/2022.09.13_ba_ucor-1024x818.jpg 1024w, http:\/\/ucor-ucor.ro\/new\/wp-content\/uploads\/2022\/09\/2022.09.13_ba_ucor-300x240.jpg 300w, http:\/\/ucor-ucor.ro\/new\/wp-content\/uploads\/2022\/09\/2022.09.13_ba_ucor-768x613.jpg 768w, http:\/\/ucor-ucor.ro\/new\/wp-content\/uploads\/2022\/09\/2022.09.13_ba_ucor-1200x958.jpg 1200w, http:\/\/ucor-ucor.ro\/new\/wp-content\/uploads\/2022\/09\/2022.09.13_ba_ucor.jpg 1335w\" sizes=\"(max-width: 1024px) 100vw, 1024px\" \/><\/figure><\/li><\/ul><\/figure>\n\n\n\n<p><a href=\"https:\/\/www.mae.ro\/node\/59594\">Primirea de c\u0103tre ministrul afacerilor externe Bogdan Aurescu a conducerii Uniunii Consulilor Onorifici din Rom\u00e2nia (UCOR) | Ministry of Foreign Affairs (mae.ro)<\/a><\/p>\n\n\n\n<p><a href=\"http:\/\/www.mae.gov.ro\/en\/node\/59607\">http:\/\/www.mae.gov.ro\/en\/node\/59607<\/a><\/p>\n\n\n\n<p><a href=\"https:\/\/wwwb.agerpres.ro\/comunicate\/2022\/09\/13\/comunicat-de-presa-ministerul-afacerilor-externe--978401\">https:\/\/wwwb.agerpres.ro\/comunicate\/2022\/09\/13\/comunicat-de-presa-ministerul-afacerilor-externe&#8211;978401<\/a><\/p>\n\n\n\n<figure class=\"wp-block-embed is-type-wp-embed is-provider-gazeta-de-sud wp-block-embed-gazeta-de-sud\"><div class=\"wp-block-embed__wrapper\">\n<blockquote class=\"wp-embedded-content\" data-secret=\"7spKDBK7aU\"><a href=\"https:\/\/www.gds.ro\/Actualitate\/2022-09-16\/conducerea-uniunii-consulilor-onorifici-din-romania-ucor-a-fost-primita-de-catre-ministrul-afacerilor-externe-bogdan-aurescu\/\">Conducerea Uniunii Consulilor Onorifici din Rom\u00e2nia (UCOR) a fost primit\u0103 de c\u0103tre Ministrul Afacerilor Externe, Bogdan Aurescu<\/a><\/blockquote><iframe class=\"wp-embedded-content\" sandbox=\"allow-scripts\" security=\"restricted\" style=\"position: absolute; clip: rect(1px, 1px, 1px, 1px);\" title=\"&#8222;Conducerea Uniunii Consulilor Onorifici din Rom\u00e2nia (UCOR) a fost primit\u0103 de c\u0103tre Ministrul Afacerilor Externe, Bogdan Aurescu&#8221; &#8212; GAZETA de SUD\" src=\"https:\/\/www.gds.ro\/Actualitate\/2022-09-16\/conducerea-uniunii-consulilor-onorifici-din-romania-ucor-a-fost-primita-de-catre-ministrul-afacerilor-externe-bogdan-aurescu\/embed\/#?secret=EEqIkhLpLo#?secret=7spKDBK7aU\" data-secret=\"7spKDBK7aU\" width=\"580\" height=\"327\" frameborder=\"0\" marginwidth=\"0\" marginheight=\"0\" scrolling=\"no\"><\/iframe>\n<\/div><\/figure>\n\n\n\n<figure class=\"wp-block-embed is-type-wp-embed is-provider-timp-romanesc wp-block-embed-timp-romanesc\"><div class=\"wp-block-embed__wrapper\">\n<blockquote class=\"wp-embedded-content\" data-secret=\"TsminyABJH\"><a href=\"https:\/\/www.timpromanesc.ro\/bogdan-aurescu-a-primit-conducerea-uniunii-consulilor-onorifici-din-romania-ucor\/\">Bogdan Aurescu a primit conducerea Uniunii Consulilor Onorifici din Rom\u00e2nia (UCOR)<\/a><\/blockquote><iframe class=\"wp-embedded-content\" sandbox=\"allow-scripts\" security=\"restricted\" style=\"position: absolute; clip: rect(1px, 1px, 1px, 1px);\" title=\"&#8222;Bogdan Aurescu a primit conducerea Uniunii Consulilor Onorifici din Rom\u00e2nia (UCOR)&#8221; &#8212; TIMP ROM\u00c2NESC\" src=\"https:\/\/www.timpromanesc.ro\/bogdan-aurescu-a-primit-conducerea-uniunii-consulilor-onorifici-din-romania-ucor\/embed\/#?secret=FbdLstjeSq#?secret=TsminyABJH\" data-secret=\"TsminyABJH\" width=\"580\" height=\"327\" frameborder=\"0\" marginwidth=\"0\" marginheight=\"0\" scrolling=\"no\"><\/iframe>\n<\/div><\/figure>\n\n\n\n<p><a href=\"https:\/\/ziarelocale24.ro\/conducerea-uniunii-consulilor-onorifici-din-romania-ucor-a-fost-primita-de-catre-ministrul-afacerilor-externe-bogdan-aurescu\/176775\">https:\/\/ziarelocale24.ro\/conducerea-uniunii-consulilor-onorifici-din-romania-ucor-a-fost-primita-de-catre-ministrul-afacerilor-externe-bogdan-aurescu\/176775<\/a><\/p>\n\n\n\n<figure class=\"wp-block-embed is-type-wp-embed is-provider-sibiu-independent wp-block-embed-sibiu-independent\"><div class=\"wp-block-embed__wrapper\">\nhttps:\/\/sibiuindependent.ro\/2022\/09\/13\/sibianul-andreas-huber-primit-de-ministrul-de-externe-in-audienta\/\n<\/div><\/figure>\n\n\n\n<p><a href=\"https:\/\/www.stiripesurse.ro\/president-of-the-union-of-honorary-consuls-from-romania-welcomed-by-chief-diplomat-aurescu_2554105.html\">https:\/\/www.stiripesurse.ro\/president-of-the-union-of-honorary-consuls-from-romania-welcomed-by-chief-diplomat-aurescu_2554105.html<\/a><\/p>\n\n\n\n<figure class=\"wp-block-embed is-type-wp-embed is-provider-info-real wp-block-embed-info-real\"><div class=\"wp-block-embed__wrapper\">\n<blockquote class=\"wp-embedded-content\" data-secret=\"6m4fQFQChq\"><a href=\"https:\/\/info-real.ro\/stiri-preluate\/primirea-de-catre-ministrul-afacerilor-externe-bogdan-aurescu-a-conducerii-uniunii-consulilor-onorifici-din-romania-ucor\/\">Primirea de c\u0103tre ministrul afacerilor externe Bogdan Aurescu a conducerii Uniunii Consulilor Onorifici din Rom\u00e2nia (UCOR)<\/a><\/blockquote><iframe class=\"wp-embedded-content\" sandbox=\"allow-scripts\" security=\"restricted\" style=\"position: absolute; clip: rect(1px, 1px, 1px, 1px);\" title=\"&#8222;Primirea de c\u0103tre ministrul afacerilor externe Bogdan Aurescu a conducerii Uniunii Consulilor Onorifici din Rom\u00e2nia (UCOR)&#8221; &#8212; Info real\" src=\"https:\/\/info-real.ro\/stiri-preluate\/primirea-de-catre-ministrul-afacerilor-externe-bogdan-aurescu-a-conducerii-uniunii-consulilor-onorifici-din-romania-ucor\/embed\/#?secret=JAkgtkEPCY#?secret=6m4fQFQChq\" data-secret=\"6m4fQFQChq\" width=\"580\" height=\"327\" frameborder=\"0\" marginwidth=\"0\" marginheight=\"0\" scrolling=\"no\"><\/iframe>\n<\/div><\/figure>\n\n\n\n<p><a href=\"https:\/\/stirilocale.info.ro\/stiri-olt\/conducerea-uniunii-consulilor-onorifici-din-romania-ucor-a-fost-primita-de-catre-ministrul-afacerilor-externe-bogdan-aurescu-1159101.html\">https:\/\/stirilocale.info.ro\/stiri-olt\/conducerea-uniunii-consulilor-onorifici-din-romania-ucor-a-fost-primita-de-catre-ministrul-afacerilor-externe-bogdan-aurescu-1159101.html<\/a><\/p>\n\n\n\n<p><a href=\"https:\/\/actualitate.org\/stiri\/?a=normal&amp;search=author%3A%22Curierul+Na%C8%9Bional%22&amp;rid=63250bb1f3350\">https:\/\/actualitate.org\/stiri\/?a=normal&amp;search=author%3A%22Curierul+Na%C8%9Bional%22&amp;rid=63250bb1f3350<\/a><\/p>\n\n\n\n<figure class=\"wp-block-embed is-type-wp-embed is-provider-romanul-din-spania wp-block-embed-romanul-din-spania\"><div class=\"wp-block-embed__wrapper\">\n<blockquote class=\"wp-embedded-content\" data-secret=\"yNcMvIAoZ0\"><a href=\"https:\/\/www.romanul.eu\/mae-primirea-de-catre-ministrul-afacerilor-externe-bogdan-aurescu-a-conducerii-uniunii-consulilor-onorifici-din-romania-ucor\/\">MAE: Primirea de c\u0103tre ministrul afacerilor externe Bogdan Aurescu a conducerii Uniunii Consulilor Onorifici din Rom\u00e2nia (UCOR)<\/a><\/blockquote><iframe class=\"wp-embedded-content\" sandbox=\"allow-scripts\" security=\"restricted\" style=\"position: absolute; clip: rect(1px, 1px, 1px, 1px);\" title=\"&#8222;MAE: Primirea de c\u0103tre ministrul afacerilor externe Bogdan Aurescu a conducerii Uniunii Consulilor Onorifici din Rom\u00e2nia (UCOR)&#8221; &#8212; Rom\u00e2nul din Spania\" src=\"https:\/\/www.romanul.eu\/mae-primirea-de-catre-ministrul-afacerilor-externe-bogdan-aurescu-a-conducerii-uniunii-consulilor-onorifici-din-romania-ucor\/embed\/#?secret=MRbW32HTC1#?secret=yNcMvIAoZ0\" data-secret=\"yNcMvIAoZ0\" width=\"580\" height=\"327\" frameborder=\"0\" marginwidth=\"0\" marginheight=\"0\" scrolling=\"no\"><\/iframe>\n<\/div><\/figure>\n","protected":false},"excerpt":{"rendered":"<p>Pre\u0219edintele Uniunii Consulilor Onorifici din Rom\u00e2nia (UCOR), Andreas Huber, \u00eempreun\u0103 cu&nbsp; reprezentan\u021bii Consiliului Director al UCOR au fost primi\u0163i mar\u0163i, 13 septembrie 2022, de c\u0103tre Ministrul Afacerilor Externe Bogdan Aurescu. \u00cen cadrul \u00eent\u00e2lnirii, ministrul Bogdan Aurescu a exprimat apreciere pentru rolul consulilor onorifici acredita\u021bi \u00een Rom\u00e2nia \u00een dezvoltarea rela\u021biilor bilaterale dintre Rom\u00e2nia \u0219i \u021b\u0103rile pe [&hellip;]<\/p>\n","protected":false},"author":1,"featured_media":0,"parent":0,"menu_order":0,"comment_status":"closed","ping_status":"closed","template":"templates\/template-full-width.php","meta":{"footnotes":""},"yoast_head":"<!-- This site is optimized with the Yoast SEO plugin v22.5 - https:\/\/yoast.com\/wordpress\/plugins\/seo\/ -->\n<title>Conducerea Uniunii Consulilor Onorifici din Rom\u00e2nia (UCOR) a fost primit\u0103 de c\u0103tre Ministrul Afacerilor Externe Bogdan Aurescu - UCOR<\/title>\n<meta name=\"robots\" content=\"index, follow, max-snippet:-1, max-image-preview:large, max-video-preview:-1\" \/>\n<link rel=\"canonical\" href=\"https:\/\/ucor-ucor.ro\/new\/conducerea-uniunii-consulilor-onorifici-din-romania-ucor-a-fost-primita-de-catre-ministrul-afacerilor-externe-bogdan-aurescu\/\" \/>\n<meta property=\"og:locale\" content=\"en_US\" \/>\n<meta property=\"og:type\" content=\"article\" \/>\n<meta property=\"og:title\" content=\"Conducerea Uniunii Consulilor Onorifici din Rom\u00e2nia (UCOR) a fost primit\u0103 de c\u0103tre Ministrul Afacerilor Externe Bogdan Aurescu - UCOR\" \/>\n<meta property=\"og:description\" content=\"Pre\u0219edintele Uniunii Consulilor Onorifici din Rom\u00e2nia (UCOR), Andreas Huber, \u00eempreun\u0103 cu&nbsp; reprezentan\u021bii Consiliului Director al UCOR au fost primi\u0163i mar\u0163i, 13 septembrie 2022, de c\u0103tre Ministrul Afacerilor Externe Bogdan Aurescu. \u00cen cadrul \u00eent\u00e2lnirii, ministrul Bogdan Aurescu a exprimat apreciere pentru rolul consulilor onorifici acredita\u021bi \u00een Rom\u00e2nia \u00een dezvoltarea rela\u021biilor bilaterale dintre Rom\u00e2nia \u0219i \u021b\u0103rile pe [&hellip;]\" \/>\n<meta property=\"og:url\" content=\"https:\/\/ucor-ucor.ro\/new\/conducerea-uniunii-consulilor-onorifici-din-romania-ucor-a-fost-primita-de-catre-ministrul-afacerilor-externe-bogdan-aurescu\/\" \/>\n<meta property=\"og:site_name\" content=\"UCOR\" \/>\n<meta property=\"article:modified_time\" content=\"2022-09-26T06:32:03+00:00\" \/>\n<meta property=\"og:image\" content=\"http:\/\/ucor-ucor.ro\/new\/wp-content\/uploads\/2022\/09\/2.jpg\" \/>\n<meta name=\"twitter:card\" content=\"summary_large_image\" \/>\n<meta name=\"twitter:label1\" content=\"Est. reading time\" \/>\n\t<meta name=\"twitter:data1\" content=\"2 minutes\" \/>\n<script type=\"application\/ld+json\" class=\"yoast-schema-graph\">{\"@context\":\"https:\/\/schema.org\",\"@graph\":[{\"@type\":\"WebPage\",\"@id\":\"https:\/\/ucor-ucor.ro\/new\/conducerea-uniunii-consulilor-onorifici-din-romania-ucor-a-fost-primita-de-catre-ministrul-afacerilor-externe-bogdan-aurescu\/\",\"url\":\"https:\/\/ucor-ucor.ro\/new\/conducerea-uniunii-consulilor-onorifici-din-romania-ucor-a-fost-primita-de-catre-ministrul-afacerilor-externe-bogdan-aurescu\/\",\"name\":\"Conducerea Uniunii Consulilor Onorifici din Rom\u00e2nia (UCOR) a fost primit\u0103 de c\u0103tre Ministrul Afacerilor Externe Bogdan Aurescu - UCOR\",\"isPartOf\":{\"@id\":\"https:\/\/ucor-ucor.ro\/new\/#website\"},\"primaryImageOfPage\":{\"@id\":\"https:\/\/ucor-ucor.ro\/new\/conducerea-uniunii-consulilor-onorifici-din-romania-ucor-a-fost-primita-de-catre-ministrul-afacerilor-externe-bogdan-aurescu\/#primaryimage\"},\"image\":{\"@id\":\"https:\/\/ucor-ucor.ro\/new\/conducerea-uniunii-consulilor-onorifici-din-romania-ucor-a-fost-primita-de-catre-ministrul-afacerilor-externe-bogdan-aurescu\/#primaryimage\"},\"thumbnailUrl\":\"http:\/\/ucor-ucor.ro\/new\/wp-content\/uploads\/2022\/09\/2.jpg\",\"datePublished\":\"2022-09-26T06:29:50+00:00\",\"dateModified\":\"2022-09-26T06:32:03+00:00\",\"breadcrumb\":{\"@id\":\"https:\/\/ucor-ucor.ro\/new\/conducerea-uniunii-consulilor-onorifici-din-romania-ucor-a-fost-primita-de-catre-ministrul-afacerilor-externe-bogdan-aurescu\/#breadcrumb\"},\"inLanguage\":\"en-US\",\"potentialAction\":[{\"@type\":\"ReadAction\",\"target\":[\"https:\/\/ucor-ucor.ro\/new\/conducerea-uniunii-consulilor-onorifici-din-romania-ucor-a-fost-primita-de-catre-ministrul-afacerilor-externe-bogdan-aurescu\/\"]}]},{\"@type\":\"ImageObject\",\"inLanguage\":\"en-US\",\"@id\":\"https:\/\/ucor-ucor.ro\/new\/conducerea-uniunii-consulilor-onorifici-din-romania-ucor-a-fost-primita-de-catre-ministrul-afacerilor-externe-bogdan-aurescu\/#primaryimage\",\"url\":\"http:\/\/ucor-ucor.ro\/new\/wp-content\/uploads\/2022\/09\/2.jpg\",\"contentUrl\":\"http:\/\/ucor-ucor.ro\/new\/wp-content\/uploads\/2022\/09\/2.jpg\",\"width\":640,\"height\":480},{\"@type\":\"BreadcrumbList\",\"@id\":\"https:\/\/ucor-ucor.ro\/new\/conducerea-uniunii-consulilor-onorifici-din-romania-ucor-a-fost-primita-de-catre-ministrul-afacerilor-externe-bogdan-aurescu\/#breadcrumb\",\"itemListElement\":[{\"@type\":\"ListItem\",\"position\":1,\"name\":\"Home\",\"item\":\"https:\/\/ucor-ucor.ro\/new\/\"},{\"@type\":\"ListItem\",\"position\":2,\"name\":\"Conducerea Uniunii Consulilor Onorifici din Rom\u00e2nia (UCOR) a fost primit\u0103 de c\u0103tre Ministrul Afacerilor Externe Bogdan Aurescu\"}]},{\"@type\":\"WebSite\",\"@id\":\"https:\/\/ucor-ucor.ro\/new\/#website\",\"url\":\"https:\/\/ucor-ucor.ro\/new\/\",\"name\":\"UCOR\",\"description\":\"\",\"publisher\":{\"@id\":\"https:\/\/ucor-ucor.ro\/new\/#organization\"},\"potentialAction\":[{\"@type\":\"SearchAction\",\"target\":{\"@type\":\"EntryPoint\",\"urlTemplate\":\"https:\/\/ucor-ucor.ro\/new\/?s={search_term_string}\"},\"query-input\":\"required name=search_term_string\"}],\"inLanguage\":\"en-US\"},{\"@type\":\"Organization\",\"@id\":\"https:\/\/ucor-ucor.ro\/new\/#organization\",\"name\":\"UCOR\",\"url\":\"https:\/\/ucor-ucor.ro\/new\/\",\"logo\":{\"@type\":\"ImageObject\",\"inLanguage\":\"en-US\",\"@id\":\"https:\/\/ucor-ucor.ro\/new\/#\/schema\/logo\/image\/\",\"url\":\"http:\/\/ucor-ucor.ro\/new\/wp-content\/uploads\/2020\/06\/cropped-UCOR.png\",\"contentUrl\":\"http:\/\/ucor-ucor.ro\/new\/wp-content\/uploads\/2020\/06\/cropped-UCOR.png\",\"width\":395,\"height\":128,\"caption\":\"UCOR\"},\"image\":{\"@id\":\"https:\/\/ucor-ucor.ro\/new\/#\/schema\/logo\/image\/\"}}]}<\/script>\n<!-- \/ Yoast SEO plugin. -->","yoast_head_json":{"title":"Conducerea Uniunii Consulilor Onorifici din Rom\u00e2nia (UCOR) a fost primit\u0103 de c\u0103tre Ministrul Afacerilor Externe Bogdan Aurescu - UCOR","robots":{"index":"index","follow":"follow","max-snippet":"max-snippet:-1","max-image-preview":"max-image-preview:large","max-video-preview":"max-video-preview:-1"},"canonical":"https:\/\/ucor-ucor.ro\/new\/conducerea-uniunii-consulilor-onorifici-din-romania-ucor-a-fost-primita-de-catre-ministrul-afacerilor-externe-bogdan-aurescu\/","og_locale":"en_US","og_type":"article","og_title":"Conducerea Uniunii Consulilor Onorifici din Rom\u00e2nia (UCOR) a fost primit\u0103 de c\u0103tre Ministrul Afacerilor Externe Bogdan Aurescu - UCOR","og_description":"Pre\u0219edintele Uniunii Consulilor Onorifici din Rom\u00e2nia (UCOR), Andreas Huber, \u00eempreun\u0103 cu&nbsp; reprezentan\u021bii Consiliului Director al UCOR au fost primi\u0163i mar\u0163i, 13 septembrie 2022, de c\u0103tre Ministrul Afacerilor Externe Bogdan Aurescu. \u00cen cadrul \u00eent\u00e2lnirii, ministrul Bogdan Aurescu a exprimat apreciere pentru rolul consulilor onorifici acredita\u021bi \u00een Rom\u00e2nia \u00een dezvoltarea rela\u021biilor bilaterale dintre Rom\u00e2nia \u0219i \u021b\u0103rile pe [&hellip;]","og_url":"https:\/\/ucor-ucor.ro\/new\/conducerea-uniunii-consulilor-onorifici-din-romania-ucor-a-fost-primita-de-catre-ministrul-afacerilor-externe-bogdan-aurescu\/","og_site_name":"UCOR","article_modified_time":"2022-09-26T06:32:03+00:00","og_image":[{"url":"http:\/\/ucor-ucor.ro\/new\/wp-content\/uploads\/2022\/09\/2.jpg"}],"twitter_card":"summary_large_image","twitter_misc":{"Est. reading time":"2 minutes"},"schema":{"@context":"https:\/\/schema.org","@graph":[{"@type":"WebPage","@id":"https:\/\/ucor-ucor.ro\/new\/conducerea-uniunii-consulilor-onorifici-din-romania-ucor-a-fost-primita-de-catre-ministrul-afacerilor-externe-bogdan-aurescu\/","url":"https:\/\/ucor-ucor.ro\/new\/conducerea-uniunii-consulilor-onorifici-din-romania-ucor-a-fost-primita-de-catre-ministrul-afacerilor-externe-bogdan-aurescu\/","name":"Conducerea Uniunii Consulilor Onorifici din Rom\u00e2nia (UCOR) a fost primit\u0103 de c\u0103tre Ministrul Afacerilor Externe Bogdan Aurescu - UCOR","isPartOf":{"@id":"https:\/\/ucor-ucor.ro\/new\/#website"},"primaryImageOfPage":{"@id":"https:\/\/ucor-ucor.ro\/new\/conducerea-uniunii-consulilor-onorifici-din-romania-ucor-a-fost-primita-de-catre-ministrul-afacerilor-externe-bogdan-aurescu\/#primaryimage"},"image":{"@id":"https:\/\/ucor-ucor.ro\/new\/conducerea-uniunii-consulilor-onorifici-din-romania-ucor-a-fost-primita-de-catre-ministrul-afacerilor-externe-bogdan-aurescu\/#primaryimage"},"thumbnailUrl":"http:\/\/ucor-ucor.ro\/new\/wp-content\/uploads\/2022\/09\/2.jpg","datePublished":"2022-09-26T06:29:50+00:00","dateModified":"2022-09-26T06:32:03+00:00","breadcrumb":{"@id":"https:\/\/ucor-ucor.ro\/new\/conducerea-uniunii-consulilor-onorifici-din-romania-ucor-a-fost-primita-de-catre-ministrul-afacerilor-externe-bogdan-aurescu\/#breadcrumb"},"inLanguage":"en-US","potentialAction":[{"@type":"ReadAction","target":["https:\/\/ucor-ucor.ro\/new\/conducerea-uniunii-consulilor-onorifici-din-romania-ucor-a-fost-primita-de-catre-ministrul-afacerilor-externe-bogdan-aurescu\/"]}]},{"@type":"ImageObject","inLanguage":"en-US","@id":"https:\/\/ucor-ucor.ro\/new\/conducerea-uniunii-consulilor-onorifici-din-romania-ucor-a-fost-primita-de-catre-ministrul-afacerilor-externe-bogdan-aurescu\/#primaryimage","url":"http:\/\/ucor-ucor.ro\/new\/wp-content\/uploads\/2022\/09\/2.jpg","contentUrl":"http:\/\/ucor-ucor.ro\/new\/wp-content\/uploads\/2022\/09\/2.jpg","width":640,"height":480},{"@type":"BreadcrumbList","@id":"https:\/\/ucor-ucor.ro\/new\/conducerea-uniunii-consulilor-onorifici-din-romania-ucor-a-fost-primita-de-catre-ministrul-afacerilor-externe-bogdan-aurescu\/#breadcrumb","itemListElement":[{"@type":"ListItem","position":1,"name":"Home","item":"https:\/\/ucor-ucor.ro\/new\/"},{"@type":"ListItem","position":2,"name":"Conducerea Uniunii Consulilor Onorifici din Rom\u00e2nia (UCOR) a fost primit\u0103 de c\u0103tre Ministrul Afacerilor Externe Bogdan Aurescu"}]},{"@type":"WebSite","@id":"https:\/\/ucor-ucor.ro\/new\/#website","url":"https:\/\/ucor-ucor.ro\/new\/","name":"UCOR","description":"","publisher":{"@id":"https:\/\/ucor-ucor.ro\/new\/#organization"},"potentialAction":[{"@type":"SearchAction","target":{"@type":"EntryPoint","urlTemplate":"https:\/\/ucor-ucor.ro\/new\/?s={search_term_string}"},"query-input":"required name=search_term_string"}],"inLanguage":"en-US"},{"@type":"Organization","@id":"https:\/\/ucor-ucor.ro\/new\/#organization","name":"UCOR","url":"https:\/\/ucor-ucor.ro\/new\/","logo":{"@type":"ImageObject","inLanguage":"en-US","@id":"https:\/\/ucor-ucor.ro\/new\/#\/schema\/logo\/image\/","url":"http:\/\/ucor-ucor.ro\/new\/wp-content\/uploads\/2020\/06\/cropped-UCOR.png","contentUrl":"http:\/\/ucor-ucor.ro\/new\/wp-content\/uploads\/2020\/06\/cropped-UCOR.png","width":395,"height":128,"caption":"UCOR"},"image":{"@id":"https:\/\/ucor-ucor.ro\/new\/#\/schema\/logo\/image\/"}}]}},"_links":{"self":[{"href":"http:\/\/ucor-ucor.ro\/new\/wp-json\/wp\/v2\/pages\/816"}],"collection":[{"href":"http:\/\/ucor-ucor.ro\/new\/wp-json\/wp\/v2\/pages"}],"about":[{"href":"http:\/\/ucor-ucor.ro\/new\/wp-json\/wp\/v2\/types\/page"}],"author":[{"embeddable":true,"href":"http:\/\/ucor-ucor.ro\/new\/wp-json\/wp\/v2\/users\/1"}],"replies":[{"embeddable":true,"href":"http:\/\/ucor-ucor.ro\/new\/wp-json\/wp\/v2\/comments?post=816"}],"version-history":[{"count":4,"href":"http:\/\/ucor-ucor.ro\/new\/wp-json\/wp\/v2\/pages\/816\/revisions"}],"predecessor-version":[{"id":827,"href":"http:\/\/ucor-ucor.ro\/new\/wp-json\/wp\/v2\/pages\/816\/revisions\/827"}],"wp:attachment":[{"href":"http:\/\/ucor-ucor.ro\/new\/wp-json\/wp\/v2\/media?parent=816"}],"curies":[{"name":"wp","href":"https:\/\/api.w.org\/{rel}","templated":true}]}}