{"id":435,"date":"2021-05-20T07:09:41","date_gmt":"2021-05-20T07:09:41","guid":{"rendered":"http:\/\/ucor-ucor.ro\/new\/?page_id=435"},"modified":"2021-05-20T07:09:42","modified_gmt":"2021-05-20T07:09:42","slug":"cu-ocazia-zilei-europei-in-acest-an-a-fost-organizat-pentru-prima-oara-un-proiect-comun-al-inspectoratului-scolar-judetean-sibiu-al-consulatului-germaniei-la-sibiu-si-al-consulatelor-onorifice-al-au","status":"publish","type":"page","link":"http:\/\/ucor-ucor.ro\/new\/cu-ocazia-zilei-europei-in-acest-an-a-fost-organizat-pentru-prima-oara-un-proiect-comun-al-inspectoratului-scolar-judetean-sibiu-al-consulatului-germaniei-la-sibiu-si-al-consulatelor-onorifice-al-au\/","title":{"rendered":"Cu ocazia Zilei Europei, \u00een acest an a fost organizat pentru prima oar\u0103 un proiect comun al Inspectoratului \u015ecolar Jude\u0163ean Sibiu, al Consulatului Germaniei la Sibiu \u015fi al Consulatelor onorifice al Austriei \u015fi Luxemburgului."},"content":{"rendered":"\n<p>Cu ocazia Zilei Europei, \u00een acest an a fost organizat pentru prima oar\u0103 un proiect comun al Inspectoratului \u015ecolar Jude\u0163ean Sibiu, al Consulatului Germaniei la Sibiu \u015fi al Consulatelor onorifice al Austriei \u015fi Luxemburgului.<\/p>\n\n\n\n<p>La concursul de desen cu titlul \u201e9 mai, Ziua Europei\u201c au participat aproape 200 de elevi din ciclul primar, cel gimnazial \u015fi liceal din \u00eentreg jude\u0163ul Sibiu. Scopul proiectului a fost organizarea unei ac\u0163iuni de con\u015ftientizare pentru elevi \u00een ce prive\u015fte apartenen\u0163a la structurile europene, mai cu seam\u0103 \u00een aceast\u0103 perioad\u0103 at\u00e2t de dificil\u0103 a pandemiei. Ecoul proiectului a fost impresionant: au putut fi premiate desene cu foarte bun\u0103 valoare artistic\u0103, con\u0163in\u00e2nd idei inedite.<\/p>\n\n\n\n<p>\u00cen data de 17 mai, \u00een gr\u0103dina Consulatului Germaniei au fost decernate 9 premii \u015fi 9 men\u0163iuni.<\/p>\n\n\n\n<p>Deoarece ac\u0163iunea a fost \u00eencununtat\u0103 de succes, sper\u0103m ca aceasta s\u0103 fie repetat\u0103 \u015fi \u00een viitor. &nbsp;<\/p>\n\n\n\n<p>Desenele premiate vor putea fi admirate \u00een cur\u00e2nd \u00een foaierul Filarmonicii Sibiu (Sala Thalia).&nbsp;<\/p>\n\n\n\n<figure class=\"wp-block-gallery columns-3 is-cropped wp-block-gallery-1 is-layout-flex wp-block-gallery-is-layout-flex\"><ul class=\"blocks-gallery-grid\"><li class=\"blocks-gallery-item\"><figure><img fetchpriority=\"high\" decoding=\"async\" width=\"768\" height=\"1024\" src=\"http:\/\/ucor-ucor.ro\/new\/wp-content\/uploads\/2021\/05\/Bild3-768x1024.jpg\" alt=\"\" data-id=\"436\" data-full-url=\"http:\/\/ucor-ucor.ro\/new\/wp-content\/uploads\/2021\/05\/Bild3.jpg\" data-link=\"http:\/\/ucor-ucor.ro\/new\/?attachment_id=436\" class=\"wp-image-436\" srcset=\"http:\/\/ucor-ucor.ro\/new\/wp-content\/uploads\/2021\/05\/Bild3-768x1024.jpg 768w, http:\/\/ucor-ucor.ro\/new\/wp-content\/uploads\/2021\/05\/Bild3-225x300.jpg 225w, http:\/\/ucor-ucor.ro\/new\/wp-content\/uploads\/2021\/05\/Bild3-1152x1536.jpg 1152w, http:\/\/ucor-ucor.ro\/new\/wp-content\/uploads\/2021\/05\/Bild3-1200x1600.jpg 1200w, http:\/\/ucor-ucor.ro\/new\/wp-content\/uploads\/2021\/05\/Bild3.jpg 1512w\" sizes=\"(max-width: 768px) 100vw, 768px\" \/><\/figure><\/li><li class=\"blocks-gallery-item\"><figure><img decoding=\"async\" width=\"768\" height=\"1024\" src=\"http:\/\/ucor-ucor.ro\/new\/wp-content\/uploads\/2021\/05\/Bild6-768x1024.jpg\" alt=\"\" data-id=\"437\" data-full-url=\"http:\/\/ucor-ucor.ro\/new\/wp-content\/uploads\/2021\/05\/Bild6.jpg\" data-link=\"http:\/\/ucor-ucor.ro\/new\/?attachment_id=437\" class=\"wp-image-437\" srcset=\"http:\/\/ucor-ucor.ro\/new\/wp-content\/uploads\/2021\/05\/Bild6-768x1024.jpg 768w, http:\/\/ucor-ucor.ro\/new\/wp-content\/uploads\/2021\/05\/Bild6-225x300.jpg 225w, http:\/\/ucor-ucor.ro\/new\/wp-content\/uploads\/2021\/05\/Bild6-1152x1536.jpg 1152w, http:\/\/ucor-ucor.ro\/new\/wp-content\/uploads\/2021\/05\/Bild6-1200x1600.jpg 1200w, http:\/\/ucor-ucor.ro\/new\/wp-content\/uploads\/2021\/05\/Bild6.jpg 1512w\" sizes=\"(max-width: 768px) 100vw, 768px\" \/><\/figure><\/li><li class=\"blocks-gallery-item\"><figure><img decoding=\"async\" width=\"1024\" height=\"768\" src=\"http:\/\/ucor-ucor.ro\/new\/wp-content\/uploads\/2021\/05\/Bild7-1024x768.jpg\" alt=\"\" data-id=\"438\" data-full-url=\"http:\/\/ucor-ucor.ro\/new\/wp-content\/uploads\/2021\/05\/Bild7.jpg\" data-link=\"http:\/\/ucor-ucor.ro\/new\/?attachment_id=438\" class=\"wp-image-438\" srcset=\"http:\/\/ucor-ucor.ro\/new\/wp-content\/uploads\/2021\/05\/Bild7-1024x768.jpg 1024w, http:\/\/ucor-ucor.ro\/new\/wp-content\/uploads\/2021\/05\/Bild7-300x225.jpg 300w, http:\/\/ucor-ucor.ro\/new\/wp-content\/uploads\/2021\/05\/Bild7-768x576.jpg 768w, http:\/\/ucor-ucor.ro\/new\/wp-content\/uploads\/2021\/05\/Bild7-1536x1152.jpg 1536w, http:\/\/ucor-ucor.ro\/new\/wp-content\/uploads\/2021\/05\/Bild7-1200x900.jpg 1200w, http:\/\/ucor-ucor.ro\/new\/wp-content\/uploads\/2021\/05\/Bild7-1980x1485.jpg 1980w, http:\/\/ucor-ucor.ro\/new\/wp-content\/uploads\/2021\/05\/Bild7.jpg 2016w\" sizes=\"(max-width: 1024px) 100vw, 1024px\" \/><\/figure><\/li><\/ul><\/figure>\n","protected":false},"excerpt":{"rendered":"<p>Cu ocazia Zilei Europei, \u00een acest an a fost organizat pentru prima oar\u0103 un proiect comun al Inspectoratului \u015ecolar Jude\u0163ean Sibiu, al Consulatului Germaniei la Sibiu \u015fi al Consulatelor onorifice al Austriei \u015fi Luxemburgului. La concursul de desen cu titlul \u201e9 mai, Ziua Europei\u201c au participat aproape 200 de elevi din ciclul primar, cel gimnazial [&hellip;]<\/p>\n","protected":false},"author":1,"featured_media":0,"parent":0,"menu_order":0,"comment_status":"closed","ping_status":"closed","template":"templates\/template-full-width.php","meta":{"footnotes":""},"yoast_head":"<!-- This site is optimized with the Yoast SEO plugin v22.5 - https:\/\/yoast.com\/wordpress\/plugins\/seo\/ -->\n<title>Cu ocazia Zilei Europei, \u00een acest an a fost organizat pentru prima oar\u0103 un proiect comun al Inspectoratului \u015ecolar Jude\u0163ean Sibiu, al Consulatului Germaniei la Sibiu \u015fi al Consulatelor onorifice al Austriei \u015fi Luxemburgului. - UCOR<\/title>\n<meta name=\"robots\" content=\"index, follow, max-snippet:-1, max-image-preview:large, max-video-preview:-1\" \/>\n<link rel=\"canonical\" href=\"https:\/\/ucor-ucor.ro\/new\/cu-ocazia-zilei-europei-in-acest-an-a-fost-organizat-pentru-prima-oara-un-proiect-comun-al-inspectoratului-scolar-judetean-sibiu-al-consulatului-germaniei-la-sibiu-si-al-consulatelor-onorifice-al-au\/\" \/>\n<meta property=\"og:locale\" content=\"en_US\" \/>\n<meta property=\"og:type\" content=\"article\" \/>\n<meta property=\"og:title\" content=\"Cu ocazia Zilei Europei, \u00een acest an a fost organizat pentru prima oar\u0103 un proiect comun al Inspectoratului \u015ecolar Jude\u0163ean Sibiu, al Consulatului Germaniei la Sibiu \u015fi al Consulatelor onorifice al Austriei \u015fi Luxemburgului. - UCOR\" \/>\n<meta property=\"og:description\" content=\"Cu ocazia Zilei Europei, \u00een acest an a fost organizat pentru prima oar\u0103 un proiect comun al Inspectoratului \u015ecolar Jude\u0163ean Sibiu, al Consulatului Germaniei la Sibiu \u015fi al Consulatelor onorifice al Austriei \u015fi Luxemburgului. La concursul de desen cu titlul \u201e9 mai, Ziua Europei\u201c au participat aproape 200 de elevi din ciclul primar, cel gimnazial [&hellip;]\" \/>\n<meta property=\"og:url\" content=\"https:\/\/ucor-ucor.ro\/new\/cu-ocazia-zilei-europei-in-acest-an-a-fost-organizat-pentru-prima-oara-un-proiect-comun-al-inspectoratului-scolar-judetean-sibiu-al-consulatului-germaniei-la-sibiu-si-al-consulatelor-onorifice-al-au\/\" \/>\n<meta property=\"og:site_name\" content=\"UCOR\" \/>\n<meta property=\"article:modified_time\" content=\"2021-05-20T07:09:42+00:00\" \/>\n<meta property=\"og:image\" content=\"http:\/\/ucor-ucor.ro\/new\/wp-content\/uploads\/2021\/05\/Bild3-768x1024.jpg\" \/>\n<meta name=\"twitter:card\" content=\"summary_large_image\" \/>\n<meta name=\"twitter:label1\" content=\"Est. reading time\" \/>\n\t<meta name=\"twitter:data1\" content=\"2 minutes\" \/>\n<script type=\"application\/ld+json\" class=\"yoast-schema-graph\">{\"@context\":\"https:\/\/schema.org\",\"@graph\":[{\"@type\":\"WebPage\",\"@id\":\"https:\/\/ucor-ucor.ro\/new\/cu-ocazia-zilei-europei-in-acest-an-a-fost-organizat-pentru-prima-oara-un-proiect-comun-al-inspectoratului-scolar-judetean-sibiu-al-consulatului-germaniei-la-sibiu-si-al-consulatelor-onorifice-al-au\/\",\"url\":\"https:\/\/ucor-ucor.ro\/new\/cu-ocazia-zilei-europei-in-acest-an-a-fost-organizat-pentru-prima-oara-un-proiect-comun-al-inspectoratului-scolar-judetean-sibiu-al-consulatului-germaniei-la-sibiu-si-al-consulatelor-onorifice-al-au\/\",\"name\":\"Cu ocazia Zilei Europei, \u00een acest an a fost organizat pentru prima oar\u0103 un proiect comun al Inspectoratului \u015ecolar Jude\u0163ean Sibiu, al Consulatului Germaniei la Sibiu \u015fi al Consulatelor onorifice al Austriei \u015fi Luxemburgului. - UCOR\",\"isPartOf\":{\"@id\":\"https:\/\/ucor-ucor.ro\/new\/#website\"},\"primaryImageOfPage\":{\"@id\":\"https:\/\/ucor-ucor.ro\/new\/cu-ocazia-zilei-europei-in-acest-an-a-fost-organizat-pentru-prima-oara-un-proiect-comun-al-inspectoratului-scolar-judetean-sibiu-al-consulatului-germaniei-la-sibiu-si-al-consulatelor-onorifice-al-au\/#primaryimage\"},\"image\":{\"@id\":\"https:\/\/ucor-ucor.ro\/new\/cu-ocazia-zilei-europei-in-acest-an-a-fost-organizat-pentru-prima-oara-un-proiect-comun-al-inspectoratului-scolar-judetean-sibiu-al-consulatului-germaniei-la-sibiu-si-al-consulatelor-onorifice-al-au\/#primaryimage\"},\"thumbnailUrl\":\"http:\/\/ucor-ucor.ro\/new\/wp-content\/uploads\/2021\/05\/Bild3-768x1024.jpg\",\"datePublished\":\"2021-05-20T07:09:41+00:00\",\"dateModified\":\"2021-05-20T07:09:42+00:00\",\"breadcrumb\":{\"@id\":\"https:\/\/ucor-ucor.ro\/new\/cu-ocazia-zilei-europei-in-acest-an-a-fost-organizat-pentru-prima-oara-un-proiect-comun-al-inspectoratului-scolar-judetean-sibiu-al-consulatului-germaniei-la-sibiu-si-al-consulatelor-onorifice-al-au\/#breadcrumb\"},\"inLanguage\":\"en-US\",\"potentialAction\":[{\"@type\":\"ReadAction\",\"target\":[\"https:\/\/ucor-ucor.ro\/new\/cu-ocazia-zilei-europei-in-acest-an-a-fost-organizat-pentru-prima-oara-un-proiect-comun-al-inspectoratului-scolar-judetean-sibiu-al-consulatului-germaniei-la-sibiu-si-al-consulatelor-onorifice-al-au\/\"]}]},{\"@type\":\"ImageObject\",\"inLanguage\":\"en-US\",\"@id\":\"https:\/\/ucor-ucor.ro\/new\/cu-ocazia-zilei-europei-in-acest-an-a-fost-organizat-pentru-prima-oara-un-proiect-comun-al-inspectoratului-scolar-judetean-sibiu-al-consulatului-germaniei-la-sibiu-si-al-consulatelor-onorifice-al-au\/#primaryimage\",\"url\":\"http:\/\/ucor-ucor.ro\/new\/wp-content\/uploads\/2021\/05\/Bild3.jpg\",\"contentUrl\":\"http:\/\/ucor-ucor.ro\/new\/wp-content\/uploads\/2021\/05\/Bild3.jpg\",\"width\":1512,\"height\":2016},{\"@type\":\"BreadcrumbList\",\"@id\":\"https:\/\/ucor-ucor.ro\/new\/cu-ocazia-zilei-europei-in-acest-an-a-fost-organizat-pentru-prima-oara-un-proiect-comun-al-inspectoratului-scolar-judetean-sibiu-al-consulatului-germaniei-la-sibiu-si-al-consulatelor-onorifice-al-au\/#breadcrumb\",\"itemListElement\":[{\"@type\":\"ListItem\",\"position\":1,\"name\":\"Home\",\"item\":\"https:\/\/ucor-ucor.ro\/new\/\"},{\"@type\":\"ListItem\",\"position\":2,\"name\":\"Cu ocazia Zilei Europei, \u00een acest an a fost organizat pentru prima oar\u0103 un proiect comun al Inspectoratului \u015ecolar Jude\u0163ean Sibiu, al Consulatului Germaniei la Sibiu \u015fi al Consulatelor onorifice al Austriei \u015fi Luxemburgului.\"}]},{\"@type\":\"WebSite\",\"@id\":\"https:\/\/ucor-ucor.ro\/new\/#website\",\"url\":\"https:\/\/ucor-ucor.ro\/new\/\",\"name\":\"UCOR\",\"description\":\"\",\"publisher\":{\"@id\":\"https:\/\/ucor-ucor.ro\/new\/#organization\"},\"potentialAction\":[{\"@type\":\"SearchAction\",\"target\":{\"@type\":\"EntryPoint\",\"urlTemplate\":\"https:\/\/ucor-ucor.ro\/new\/?s={search_term_string}\"},\"query-input\":\"required name=search_term_string\"}],\"inLanguage\":\"en-US\"},{\"@type\":\"Organization\",\"@id\":\"https:\/\/ucor-ucor.ro\/new\/#organization\",\"name\":\"UCOR\",\"url\":\"https:\/\/ucor-ucor.ro\/new\/\",\"logo\":{\"@type\":\"ImageObject\",\"inLanguage\":\"en-US\",\"@id\":\"https:\/\/ucor-ucor.ro\/new\/#\/schema\/logo\/image\/\",\"url\":\"http:\/\/ucor-ucor.ro\/new\/wp-content\/uploads\/2020\/06\/cropped-UCOR.png\",\"contentUrl\":\"http:\/\/ucor-ucor.ro\/new\/wp-content\/uploads\/2020\/06\/cropped-UCOR.png\",\"width\":395,\"height\":128,\"caption\":\"UCOR\"},\"image\":{\"@id\":\"https:\/\/ucor-ucor.ro\/new\/#\/schema\/logo\/image\/\"}}]}<\/script>\n<!-- \/ Yoast SEO plugin. -->","yoast_head_json":{"title":"Cu ocazia Zilei Europei, \u00een acest an a fost organizat pentru prima oar\u0103 un proiect comun al Inspectoratului \u015ecolar Jude\u0163ean Sibiu, al Consulatului Germaniei la Sibiu \u015fi al Consulatelor onorifice al Austriei \u015fi Luxemburgului. - UCOR","robots":{"index":"index","follow":"follow","max-snippet":"max-snippet:-1","max-image-preview":"max-image-preview:large","max-video-preview":"max-video-preview:-1"},"canonical":"https:\/\/ucor-ucor.ro\/new\/cu-ocazia-zilei-europei-in-acest-an-a-fost-organizat-pentru-prima-oara-un-proiect-comun-al-inspectoratului-scolar-judetean-sibiu-al-consulatului-germaniei-la-sibiu-si-al-consulatelor-onorifice-al-au\/","og_locale":"en_US","og_type":"article","og_title":"Cu ocazia Zilei Europei, \u00een acest an a fost organizat pentru prima oar\u0103 un proiect comun al Inspectoratului \u015ecolar Jude\u0163ean Sibiu, al Consulatului Germaniei la Sibiu \u015fi al Consulatelor onorifice al Austriei \u015fi Luxemburgului. - UCOR","og_description":"Cu ocazia Zilei Europei, \u00een acest an a fost organizat pentru prima oar\u0103 un proiect comun al Inspectoratului \u015ecolar Jude\u0163ean Sibiu, al Consulatului Germaniei la Sibiu \u015fi al Consulatelor onorifice al Austriei \u015fi Luxemburgului. La concursul de desen cu titlul \u201e9 mai, Ziua Europei\u201c au participat aproape 200 de elevi din ciclul primar, cel gimnazial [&hellip;]","og_url":"https:\/\/ucor-ucor.ro\/new\/cu-ocazia-zilei-europei-in-acest-an-a-fost-organizat-pentru-prima-oara-un-proiect-comun-al-inspectoratului-scolar-judetean-sibiu-al-consulatului-germaniei-la-sibiu-si-al-consulatelor-onorifice-al-au\/","og_site_name":"UCOR","article_modified_time":"2021-05-20T07:09:42+00:00","og_image":[{"url":"http:\/\/ucor-ucor.ro\/new\/wp-content\/uploads\/2021\/05\/Bild3-768x1024.jpg"}],"twitter_card":"summary_large_image","twitter_misc":{"Est. reading time":"2 minutes"},"schema":{"@context":"https:\/\/schema.org","@graph":[{"@type":"WebPage","@id":"https:\/\/ucor-ucor.ro\/new\/cu-ocazia-zilei-europei-in-acest-an-a-fost-organizat-pentru-prima-oara-un-proiect-comun-al-inspectoratului-scolar-judetean-sibiu-al-consulatului-germaniei-la-sibiu-si-al-consulatelor-onorifice-al-au\/","url":"https:\/\/ucor-ucor.ro\/new\/cu-ocazia-zilei-europei-in-acest-an-a-fost-organizat-pentru-prima-oara-un-proiect-comun-al-inspectoratului-scolar-judetean-sibiu-al-consulatului-germaniei-la-sibiu-si-al-consulatelor-onorifice-al-au\/","name":"Cu ocazia Zilei Europei, \u00een acest an a fost organizat pentru prima oar\u0103 un proiect comun al Inspectoratului \u015ecolar Jude\u0163ean Sibiu, al Consulatului Germaniei la Sibiu \u015fi al Consulatelor onorifice al Austriei \u015fi Luxemburgului. - UCOR","isPartOf":{"@id":"https:\/\/ucor-ucor.ro\/new\/#website"},"primaryImageOfPage":{"@id":"https:\/\/ucor-ucor.ro\/new\/cu-ocazia-zilei-europei-in-acest-an-a-fost-organizat-pentru-prima-oara-un-proiect-comun-al-inspectoratului-scolar-judetean-sibiu-al-consulatului-germaniei-la-sibiu-si-al-consulatelor-onorifice-al-au\/#primaryimage"},"image":{"@id":"https:\/\/ucor-ucor.ro\/new\/cu-ocazia-zilei-europei-in-acest-an-a-fost-organizat-pentru-prima-oara-un-proiect-comun-al-inspectoratului-scolar-judetean-sibiu-al-consulatului-germaniei-la-sibiu-si-al-consulatelor-onorifice-al-au\/#primaryimage"},"thumbnailUrl":"http:\/\/ucor-ucor.ro\/new\/wp-content\/uploads\/2021\/05\/Bild3-768x1024.jpg","datePublished":"2021-05-20T07:09:41+00:00","dateModified":"2021-05-20T07:09:42+00:00","breadcrumb":{"@id":"https:\/\/ucor-ucor.ro\/new\/cu-ocazia-zilei-europei-in-acest-an-a-fost-organizat-pentru-prima-oara-un-proiect-comun-al-inspectoratului-scolar-judetean-sibiu-al-consulatului-germaniei-la-sibiu-si-al-consulatelor-onorifice-al-au\/#breadcrumb"},"inLanguage":"en-US","potentialAction":[{"@type":"ReadAction","target":["https:\/\/ucor-ucor.ro\/new\/cu-ocazia-zilei-europei-in-acest-an-a-fost-organizat-pentru-prima-oara-un-proiect-comun-al-inspectoratului-scolar-judetean-sibiu-al-consulatului-germaniei-la-sibiu-si-al-consulatelor-onorifice-al-au\/"]}]},{"@type":"ImageObject","inLanguage":"en-US","@id":"https:\/\/ucor-ucor.ro\/new\/cu-ocazia-zilei-europei-in-acest-an-a-fost-organizat-pentru-prima-oara-un-proiect-comun-al-inspectoratului-scolar-judetean-sibiu-al-consulatului-germaniei-la-sibiu-si-al-consulatelor-onorifice-al-au\/#primaryimage","url":"http:\/\/ucor-ucor.ro\/new\/wp-content\/uploads\/2021\/05\/Bild3.jpg","contentUrl":"http:\/\/ucor-ucor.ro\/new\/wp-content\/uploads\/2021\/05\/Bild3.jpg","width":1512,"height":2016},{"@type":"BreadcrumbList","@id":"https:\/\/ucor-ucor.ro\/new\/cu-ocazia-zilei-europei-in-acest-an-a-fost-organizat-pentru-prima-oara-un-proiect-comun-al-inspectoratului-scolar-judetean-sibiu-al-consulatului-germaniei-la-sibiu-si-al-consulatelor-onorifice-al-au\/#breadcrumb","itemListElement":[{"@type":"ListItem","position":1,"name":"Home","item":"https:\/\/ucor-ucor.ro\/new\/"},{"@type":"ListItem","position":2,"name":"Cu ocazia Zilei Europei, \u00een acest an a fost organizat pentru prima oar\u0103 un proiect comun al Inspectoratului \u015ecolar Jude\u0163ean Sibiu, al Consulatului Germaniei la Sibiu \u015fi al Consulatelor onorifice al Austriei \u015fi Luxemburgului."}]},{"@type":"WebSite","@id":"https:\/\/ucor-ucor.ro\/new\/#website","url":"https:\/\/ucor-ucor.ro\/new\/","name":"UCOR","description":"","publisher":{"@id":"https:\/\/ucor-ucor.ro\/new\/#organization"},"potentialAction":[{"@type":"SearchAction","target":{"@type":"EntryPoint","urlTemplate":"https:\/\/ucor-ucor.ro\/new\/?s={search_term_string}"},"query-input":"required name=search_term_string"}],"inLanguage":"en-US"},{"@type":"Organization","@id":"https:\/\/ucor-ucor.ro\/new\/#organization","name":"UCOR","url":"https:\/\/ucor-ucor.ro\/new\/","logo":{"@type":"ImageObject","inLanguage":"en-US","@id":"https:\/\/ucor-ucor.ro\/new\/#\/schema\/logo\/image\/","url":"http:\/\/ucor-ucor.ro\/new\/wp-content\/uploads\/2020\/06\/cropped-UCOR.png","contentUrl":"http:\/\/ucor-ucor.ro\/new\/wp-content\/uploads\/2020\/06\/cropped-UCOR.png","width":395,"height":128,"caption":"UCOR"},"image":{"@id":"https:\/\/ucor-ucor.ro\/new\/#\/schema\/logo\/image\/"}}]}},"_links":{"self":[{"href":"http:\/\/ucor-ucor.ro\/new\/wp-json\/wp\/v2\/pages\/435"}],"collection":[{"href":"http:\/\/ucor-ucor.ro\/new\/wp-json\/wp\/v2\/pages"}],"about":[{"href":"http:\/\/ucor-ucor.ro\/new\/wp-json\/wp\/v2\/types\/page"}],"author":[{"embeddable":true,"href":"http:\/\/ucor-ucor.ro\/new\/wp-json\/wp\/v2\/users\/1"}],"replies":[{"embeddable":true,"href":"http:\/\/ucor-ucor.ro\/new\/wp-json\/wp\/v2\/comments?post=435"}],"version-history":[{"count":1,"href":"http:\/\/ucor-ucor.ro\/new\/wp-json\/wp\/v2\/pages\/435\/revisions"}],"predecessor-version":[{"id":440,"href":"http:\/\/ucor-ucor.ro\/new\/wp-json\/wp\/v2\/pages\/435\/revisions\/440"}],"wp:attachment":[{"href":"http:\/\/ucor-ucor.ro\/new\/wp-json\/wp\/v2\/media?parent=435"}],"curies":[{"name":"wp","href":"https:\/\/api.w.org\/{rel}","templated":true}]}}