{"id":125,"date":"2020-09-09T06:15:56","date_gmt":"2020-09-09T06:15:56","guid":{"rendered":"http:\/\/ucor-ucor.ro\/new\/?page_id=125"},"modified":"2024-02-01T07:54:13","modified_gmt":"2024-02-01T07:54:13","slug":"ferariu-mihai","status":"publish","type":"page","link":"http:\/\/ucor-ucor.ro\/new\/ferariu-mihai\/","title":{"rendered":"Ferariu Mihai"},"content":{"rendered":"\n<h4 class=\"has-text-align-center wp-block-heading\"><strong>Consul Onorific al Marelui Ducat al Luxemburgului<\/strong><\/h4>\n\n\n\n<figure class=\"wp-block-table is-style-regular\"><table class=\"has-fixed-layout\"><tbody><tr><td class=\"has-text-align-center\" data-align=\"center\"><img fetchpriority=\"high\" decoding=\"async\" src=\"https:\/\/ucor-ucor.ro\/wp-content\/uploads\/2017\/03\/ferariu-230x300.jpg\" alt=\"\" srcset=\"https:\/\/ucor-ucor.ro\/wp-content\/uploads\/2017\/03\/ferariu-230x300.jpg 230w, https:\/\/ucor-ucor.ro\/wp-content\/uploads\/2017\/03\/ferariu.jpg 372w\" width=\"230\" height=\"300\"><\/td><td><\/td><td class=\"has-text-align-center\" data-align=\"center\"><img decoding=\"async\" src=\"https:\/\/ucor-ucor.ro\/wp-content\/uploads\/2016\/11\/luxemburg-300x180.png\" alt=\"\" srcset=\"https:\/\/ucor-ucor.ro\/wp-content\/uploads\/2016\/11\/luxemburg-300x180.png 300w, https:\/\/ucor-ucor.ro\/wp-content\/uploads\/2016\/11\/luxemburg.png 550w\" width=\"300\" height=\"180\"><\/td><\/tr><\/tbody><\/table><\/figure>\n\n\n\n<figure class=\"wp-block-table is-style-regular\"><table><tbody><tr><td><strong>Despre:<\/strong><\/td><\/tr><\/tbody><\/table><\/figure>\n\n\n\n<figure class=\"wp-block-table is-style-regular\"><table><tbody><tr><td><strong>Contact:<\/strong><\/td><\/tr><\/tbody><\/table><\/figure>\n\n\n\n<p><strong>Reprezentanta consulara onorifica a&nbsp; Marelui Ducat al Luxemburgului&nbsp; pe teritoriul Romaniei<\/strong><br>Sediu central: Str. Av. Petre Cre\u0163u, nr. 68, sector 1, Bucuresti<br>Cancelaria: Str. Dr. Dumitru R\u00e2ureanu, nr. 4, etj 1, sector 5, Bucure\u015fti<br>Tel: +40 21 3103510<br>Fax:&nbsp;+40 21 3157531<br>E-mail: ferariu@rdslink.ro<\/p>\n","protected":false},"excerpt":{"rendered":"<p>Consul Onorific al Marelui Ducat al Luxemburgului Despre: Contact: Reprezentanta consulara onorifica a&nbsp; Marelui Ducat al Luxemburgului&nbsp; pe teritoriul RomanieiSediu central: Str. Av. Petre Cre\u0163u, nr. 68, sector 1, BucurestiCancelaria: Str. Dr. Dumitru R\u00e2ureanu, nr. 4, etj 1, sector 5, Bucure\u015ftiTel: +40 21 3103510Fax:&nbsp;+40 21 3157531E-mail: ferariu@rdslink.ro<\/p>\n","protected":false},"author":1,"featured_media":0,"parent":0,"menu_order":0,"comment_status":"closed","ping_status":"closed","template":"templates\/template-full-width.php","meta":{"footnotes":""},"yoast_head":"<!-- This site is optimized with the Yoast SEO plugin v22.5 - https:\/\/yoast.com\/wordpress\/plugins\/seo\/ -->\n<title>Ferariu Mihai - UCOR<\/title>\n<meta name=\"robots\" content=\"index, follow, max-snippet:-1, max-image-preview:large, max-video-preview:-1\" \/>\n<link rel=\"canonical\" href=\"http:\/\/ucor-ucor.ro\/new\/ferariu-mihai\/\" \/>\n<meta property=\"og:locale\" content=\"en_US\" \/>\n<meta property=\"og:type\" content=\"article\" \/>\n<meta property=\"og:title\" content=\"Ferariu Mihai - UCOR\" \/>\n<meta property=\"og:description\" content=\"Consul Onorific al Marelui Ducat al Luxemburgului Despre: Contact: Reprezentanta consulara onorifica a&nbsp; Marelui Ducat al Luxemburgului&nbsp; pe teritoriul RomanieiSediu central: Str. Av. Petre Cre\u0163u, nr. 68, sector 1, BucurestiCancelaria: Str. Dr. Dumitru R\u00e2ureanu, nr. 4, etj 1, sector 5, Bucure\u015ftiTel: +40 21 3103510Fax:&nbsp;+40 21 3157531E-mail: ferariu@rdslink.ro\" \/>\n<meta property=\"og:url\" content=\"http:\/\/ucor-ucor.ro\/new\/ferariu-mihai\/\" \/>\n<meta property=\"og:site_name\" content=\"UCOR\" \/>\n<meta property=\"article:modified_time\" content=\"2024-02-01T07:54:13+00:00\" \/>\n<meta property=\"og:image\" content=\"https:\/\/ucor-ucor.ro\/wp-content\/uploads\/2017\/03\/ferariu-230x300.jpg\" \/>\n<meta name=\"twitter:card\" content=\"summary_large_image\" \/>\n<meta name=\"twitter:label1\" content=\"Est. reading time\" \/>\n\t<meta name=\"twitter:data1\" content=\"1 minute\" \/>\n<script type=\"application\/ld+json\" class=\"yoast-schema-graph\">{\"@context\":\"https:\/\/schema.org\",\"@graph\":[{\"@type\":\"WebPage\",\"@id\":\"http:\/\/ucor-ucor.ro\/new\/ferariu-mihai\/\",\"url\":\"http:\/\/ucor-ucor.ro\/new\/ferariu-mihai\/\",\"name\":\"Ferariu Mihai - UCOR\",\"isPartOf\":{\"@id\":\"https:\/\/ucor-ucor.ro\/new\/#website\"},\"primaryImageOfPage\":{\"@id\":\"http:\/\/ucor-ucor.ro\/new\/ferariu-mihai\/#primaryimage\"},\"image\":{\"@id\":\"http:\/\/ucor-ucor.ro\/new\/ferariu-mihai\/#primaryimage\"},\"thumbnailUrl\":\"https:\/\/ucor-ucor.ro\/wp-content\/uploads\/2017\/03\/ferariu-230x300.jpg\",\"datePublished\":\"2020-09-09T06:15:56+00:00\",\"dateModified\":\"2024-02-01T07:54:13+00:00\",\"breadcrumb\":{\"@id\":\"http:\/\/ucor-ucor.ro\/new\/ferariu-mihai\/#breadcrumb\"},\"inLanguage\":\"en-US\",\"potentialAction\":[{\"@type\":\"ReadAction\",\"target\":[\"http:\/\/ucor-ucor.ro\/new\/ferariu-mihai\/\"]}]},{\"@type\":\"ImageObject\",\"inLanguage\":\"en-US\",\"@id\":\"http:\/\/ucor-ucor.ro\/new\/ferariu-mihai\/#primaryimage\",\"url\":\"https:\/\/ucor-ucor.ro\/wp-content\/uploads\/2017\/03\/ferariu-230x300.jpg\",\"contentUrl\":\"https:\/\/ucor-ucor.ro\/wp-content\/uploads\/2017\/03\/ferariu-230x300.jpg\"},{\"@type\":\"BreadcrumbList\",\"@id\":\"http:\/\/ucor-ucor.ro\/new\/ferariu-mihai\/#breadcrumb\",\"itemListElement\":[{\"@type\":\"ListItem\",\"position\":1,\"name\":\"Home\",\"item\":\"https:\/\/ucor-ucor.ro\/new\/\"},{\"@type\":\"ListItem\",\"position\":2,\"name\":\"Ferariu Mihai\"}]},{\"@type\":\"WebSite\",\"@id\":\"https:\/\/ucor-ucor.ro\/new\/#website\",\"url\":\"https:\/\/ucor-ucor.ro\/new\/\",\"name\":\"UCOR\",\"description\":\"\",\"publisher\":{\"@id\":\"https:\/\/ucor-ucor.ro\/new\/#organization\"},\"potentialAction\":[{\"@type\":\"SearchAction\",\"target\":{\"@type\":\"EntryPoint\",\"urlTemplate\":\"https:\/\/ucor-ucor.ro\/new\/?s={search_term_string}\"},\"query-input\":\"required name=search_term_string\"}],\"inLanguage\":\"en-US\"},{\"@type\":\"Organization\",\"@id\":\"https:\/\/ucor-ucor.ro\/new\/#organization\",\"name\":\"UCOR\",\"url\":\"https:\/\/ucor-ucor.ro\/new\/\",\"logo\":{\"@type\":\"ImageObject\",\"inLanguage\":\"en-US\",\"@id\":\"https:\/\/ucor-ucor.ro\/new\/#\/schema\/logo\/image\/\",\"url\":\"http:\/\/ucor-ucor.ro\/new\/wp-content\/uploads\/2020\/06\/cropped-UCOR.png\",\"contentUrl\":\"http:\/\/ucor-ucor.ro\/new\/wp-content\/uploads\/2020\/06\/cropped-UCOR.png\",\"width\":395,\"height\":128,\"caption\":\"UCOR\"},\"image\":{\"@id\":\"https:\/\/ucor-ucor.ro\/new\/#\/schema\/logo\/image\/\"}}]}<\/script>\n<!-- \/ Yoast SEO plugin. -->","yoast_head_json":{"title":"Ferariu Mihai - UCOR","robots":{"index":"index","follow":"follow","max-snippet":"max-snippet:-1","max-image-preview":"max-image-preview:large","max-video-preview":"max-video-preview:-1"},"canonical":"http:\/\/ucor-ucor.ro\/new\/ferariu-mihai\/","og_locale":"en_US","og_type":"article","og_title":"Ferariu Mihai - UCOR","og_description":"Consul Onorific al Marelui Ducat al Luxemburgului Despre: Contact: Reprezentanta consulara onorifica a&nbsp; Marelui Ducat al Luxemburgului&nbsp; pe teritoriul RomanieiSediu central: Str. Av. Petre Cre\u0163u, nr. 68, sector 1, BucurestiCancelaria: Str. Dr. Dumitru R\u00e2ureanu, nr. 4, etj 1, sector 5, Bucure\u015ftiTel: +40 21 3103510Fax:&nbsp;+40 21 3157531E-mail: ferariu@rdslink.ro","og_url":"http:\/\/ucor-ucor.ro\/new\/ferariu-mihai\/","og_site_name":"UCOR","article_modified_time":"2024-02-01T07:54:13+00:00","og_image":[{"url":"https:\/\/ucor-ucor.ro\/wp-content\/uploads\/2017\/03\/ferariu-230x300.jpg"}],"twitter_card":"summary_large_image","twitter_misc":{"Est. reading time":"1 minute"},"schema":{"@context":"https:\/\/schema.org","@graph":[{"@type":"WebPage","@id":"http:\/\/ucor-ucor.ro\/new\/ferariu-mihai\/","url":"http:\/\/ucor-ucor.ro\/new\/ferariu-mihai\/","name":"Ferariu Mihai - UCOR","isPartOf":{"@id":"https:\/\/ucor-ucor.ro\/new\/#website"},"primaryImageOfPage":{"@id":"http:\/\/ucor-ucor.ro\/new\/ferariu-mihai\/#primaryimage"},"image":{"@id":"http:\/\/ucor-ucor.ro\/new\/ferariu-mihai\/#primaryimage"},"thumbnailUrl":"https:\/\/ucor-ucor.ro\/wp-content\/uploads\/2017\/03\/ferariu-230x300.jpg","datePublished":"2020-09-09T06:15:56+00:00","dateModified":"2024-02-01T07:54:13+00:00","breadcrumb":{"@id":"http:\/\/ucor-ucor.ro\/new\/ferariu-mihai\/#breadcrumb"},"inLanguage":"en-US","potentialAction":[{"@type":"ReadAction","target":["http:\/\/ucor-ucor.ro\/new\/ferariu-mihai\/"]}]},{"@type":"ImageObject","inLanguage":"en-US","@id":"http:\/\/ucor-ucor.ro\/new\/ferariu-mihai\/#primaryimage","url":"https:\/\/ucor-ucor.ro\/wp-content\/uploads\/2017\/03\/ferariu-230x300.jpg","contentUrl":"https:\/\/ucor-ucor.ro\/wp-content\/uploads\/2017\/03\/ferariu-230x300.jpg"},{"@type":"BreadcrumbList","@id":"http:\/\/ucor-ucor.ro\/new\/ferariu-mihai\/#breadcrumb","itemListElement":[{"@type":"ListItem","position":1,"name":"Home","item":"https:\/\/ucor-ucor.ro\/new\/"},{"@type":"ListItem","position":2,"name":"Ferariu Mihai"}]},{"@type":"WebSite","@id":"https:\/\/ucor-ucor.ro\/new\/#website","url":"https:\/\/ucor-ucor.ro\/new\/","name":"UCOR","description":"","publisher":{"@id":"https:\/\/ucor-ucor.ro\/new\/#organization"},"potentialAction":[{"@type":"SearchAction","target":{"@type":"EntryPoint","urlTemplate":"https:\/\/ucor-ucor.ro\/new\/?s={search_term_string}"},"query-input":"required name=search_term_string"}],"inLanguage":"en-US"},{"@type":"Organization","@id":"https:\/\/ucor-ucor.ro\/new\/#organization","name":"UCOR","url":"https:\/\/ucor-ucor.ro\/new\/","logo":{"@type":"ImageObject","inLanguage":"en-US","@id":"https:\/\/ucor-ucor.ro\/new\/#\/schema\/logo\/image\/","url":"http:\/\/ucor-ucor.ro\/new\/wp-content\/uploads\/2020\/06\/cropped-UCOR.png","contentUrl":"http:\/\/ucor-ucor.ro\/new\/wp-content\/uploads\/2020\/06\/cropped-UCOR.png","width":395,"height":128,"caption":"UCOR"},"image":{"@id":"https:\/\/ucor-ucor.ro\/new\/#\/schema\/logo\/image\/"}}]}},"_links":{"self":[{"href":"http:\/\/ucor-ucor.ro\/new\/wp-json\/wp\/v2\/pages\/125"}],"collection":[{"href":"http:\/\/ucor-ucor.ro\/new\/wp-json\/wp\/v2\/pages"}],"about":[{"href":"http:\/\/ucor-ucor.ro\/new\/wp-json\/wp\/v2\/types\/page"}],"author":[{"embeddable":true,"href":"http:\/\/ucor-ucor.ro\/new\/wp-json\/wp\/v2\/users\/1"}],"replies":[{"embeddable":true,"href":"http:\/\/ucor-ucor.ro\/new\/wp-json\/wp\/v2\/comments?post=125"}],"version-history":[{"count":3,"href":"http:\/\/ucor-ucor.ro\/new\/wp-json\/wp\/v2\/pages\/125\/revisions"}],"predecessor-version":[{"id":1224,"href":"http:\/\/ucor-ucor.ro\/new\/wp-json\/wp\/v2\/pages\/125\/revisions\/1224"}],"wp:attachment":[{"href":"http:\/\/ucor-ucor.ro\/new\/wp-json\/wp\/v2\/media?parent=125"}],"curies":[{"name":"wp","href":"https:\/\/api.w.org\/{rel}","templated":true}]}}