{"id":1161,"date":"2023-11-21T11:37:19","date_gmt":"2023-11-21T11:37:19","guid":{"rendered":"http:\/\/ucor-ucor.ro\/new\/?page_id=1161"},"modified":"2023-11-21T11:40:41","modified_gmt":"2023-11-21T11:40:41","slug":"prezentarea-cartii-taifas-antreprenorial-a-domnului-eugen-lascu","status":"publish","type":"page","link":"http:\/\/ucor-ucor.ro\/new\/prezentarea-cartii-taifas-antreprenorial-a-domnului-eugen-lascu\/","title":{"rendered":"Prezentarea c\u0103r\u021bii \u201c Taifas Antreprenorial\u201d a domnului Eugen Lascu"},"content":{"rendered":"\n<p><br>26 OCTOMBRIE 2023 &#8211; Prezentarea c\u0103r\u021bii \u201c Taifas Antreprenorial\u201d a domnului Eugen Lascu &#8211; Consul Onorific al Maltei la Bucure\u0219ti \u0219i Managing Partner al Thepesia Corporate Advisory.<br><br>Prezentarea a avut loc \u00een cadrul primei edi\u021bii de \u201eStart your StartUP\u201d, dedicat antreprenoriatului \u00een domeniul tech, organizat de Universitatea Na\u021bional\u0103 de \u0218tiin\u021b\u0103 \u0219i Tehnologie Politehnica Bucure\u0219ti.<br><br>Evenimentul a avut loc \u00een Rectoratul POLITEHNICA Bucure\u0219ti, pe parcursul a dou\u0103 zile 26 \u0219i 27 octombrie 2023, \u0219i a cuprins activit\u0103\u021bi dedicate antreprenorilor, companiilor, dar \u0219i elevilor \u0219i studen\u021bilor.<br>\u00cen cadrul evenimentului, \u00een data de 26 octombrie a avut loc un workshop dedicat antreprenoriatului.<br><br>Cu aceast\u0103 ocazie, dl Eugen Lascu, Consul Onorific al Maltei la Bucure\u0219ti \u0219i Managing Partner al Thepesia Corporate Advisory \u0219i-a prezentat cartea \u201cTaifas Antreprenorial\u201d.<br><br>La eveniment, printre al\u021bi invita\u021bi, au participat din partea Uniunii Consulilor Onorifici din Rom\u00e2nia: Dl Consul Onorific Andreas Huber- Presedinte, Dna Consul Onorific Georgiana Pogonaru \u2013Vicepre\u0219edinte, Dl Agripa Popescu \u2013 membru al uniunii.<\/p>\n\n\n\n<div class=\"wp-block-image\"><figure class=\"aligncenter size-large\"><img fetchpriority=\"high\" decoding=\"async\" width=\"1024\" height=\"894\" src=\"http:\/\/ucor-ucor.ro\/new\/wp-content\/uploads\/2023\/11\/WhatsApp-Image-2023-11-08-at-08.43.43.jpeg\" alt=\"\" class=\"wp-image-1162\" srcset=\"http:\/\/ucor-ucor.ro\/new\/wp-content\/uploads\/2023\/11\/WhatsApp-Image-2023-11-08-at-08.43.43.jpeg 1024w, http:\/\/ucor-ucor.ro\/new\/wp-content\/uploads\/2023\/11\/WhatsApp-Image-2023-11-08-at-08.43.43-300x262.jpeg 300w, http:\/\/ucor-ucor.ro\/new\/wp-content\/uploads\/2023\/11\/WhatsApp-Image-2023-11-08-at-08.43.43-768x671.jpeg 768w\" sizes=\"(max-width: 1024px) 100vw, 1024px\" \/><\/figure><\/div>\n","protected":false},"excerpt":{"rendered":"<p>26 OCTOMBRIE 2023 &#8211; Prezentarea c\u0103r\u021bii \u201c Taifas Antreprenorial\u201d a domnului Eugen Lascu &#8211; Consul Onorific al Maltei la Bucure\u0219ti \u0219i Managing Partner al Thepesia Corporate Advisory. Prezentarea a avut loc \u00een cadrul primei edi\u021bii de \u201eStart your StartUP\u201d, dedicat antreprenoriatului \u00een domeniul tech, organizat de Universitatea Na\u021bional\u0103 de \u0218tiin\u021b\u0103 \u0219i Tehnologie Politehnica Bucure\u0219ti. Evenimentul [&hellip;]<\/p>\n","protected":false},"author":1,"featured_media":0,"parent":0,"menu_order":0,"comment_status":"closed","ping_status":"closed","template":"templates\/template-full-width.php","meta":{"footnotes":""},"yoast_head":"<!-- This site is optimized with the Yoast SEO plugin v22.5 - https:\/\/yoast.com\/wordpress\/plugins\/seo\/ -->\n<title>Prezentarea c\u0103r\u021bii \u201c Taifas Antreprenorial\u201d a domnului Eugen Lascu - UCOR<\/title>\n<meta name=\"robots\" content=\"index, follow, max-snippet:-1, max-image-preview:large, max-video-preview:-1\" \/>\n<link rel=\"canonical\" href=\"http:\/\/ucor-ucor.ro\/new\/prezentarea-cartii-taifas-antreprenorial-a-domnului-eugen-lascu\/\" \/>\n<meta property=\"og:locale\" content=\"en_US\" \/>\n<meta property=\"og:type\" content=\"article\" \/>\n<meta property=\"og:title\" content=\"Prezentarea c\u0103r\u021bii \u201c Taifas Antreprenorial\u201d a domnului Eugen Lascu - UCOR\" \/>\n<meta property=\"og:description\" content=\"26 OCTOMBRIE 2023 &#8211; Prezentarea c\u0103r\u021bii \u201c Taifas Antreprenorial\u201d a domnului Eugen Lascu &#8211; Consul Onorific al Maltei la Bucure\u0219ti \u0219i Managing Partner al Thepesia Corporate Advisory. Prezentarea a avut loc \u00een cadrul primei edi\u021bii de \u201eStart your StartUP\u201d, dedicat antreprenoriatului \u00een domeniul tech, organizat de Universitatea Na\u021bional\u0103 de \u0218tiin\u021b\u0103 \u0219i Tehnologie Politehnica Bucure\u0219ti. Evenimentul [&hellip;]\" \/>\n<meta property=\"og:url\" content=\"http:\/\/ucor-ucor.ro\/new\/prezentarea-cartii-taifas-antreprenorial-a-domnului-eugen-lascu\/\" \/>\n<meta property=\"og:site_name\" content=\"UCOR\" \/>\n<meta property=\"article:modified_time\" content=\"2023-11-21T11:40:41+00:00\" \/>\n<meta property=\"og:image\" content=\"http:\/\/ucor-ucor.ro\/new\/wp-content\/uploads\/2023\/11\/WhatsApp-Image-2023-11-08-at-08.43.43.jpeg\" \/>\n<meta name=\"twitter:card\" content=\"summary_large_image\" \/>\n<meta name=\"twitter:label1\" content=\"Est. reading time\" \/>\n\t<meta name=\"twitter:data1\" content=\"1 minute\" \/>\n<script type=\"application\/ld+json\" class=\"yoast-schema-graph\">{\"@context\":\"https:\/\/schema.org\",\"@graph\":[{\"@type\":\"WebPage\",\"@id\":\"http:\/\/ucor-ucor.ro\/new\/prezentarea-cartii-taifas-antreprenorial-a-domnului-eugen-lascu\/\",\"url\":\"http:\/\/ucor-ucor.ro\/new\/prezentarea-cartii-taifas-antreprenorial-a-domnului-eugen-lascu\/\",\"name\":\"Prezentarea c\u0103r\u021bii \u201c Taifas Antreprenorial\u201d a domnului Eugen Lascu - UCOR\",\"isPartOf\":{\"@id\":\"https:\/\/ucor-ucor.ro\/new\/#website\"},\"primaryImageOfPage\":{\"@id\":\"http:\/\/ucor-ucor.ro\/new\/prezentarea-cartii-taifas-antreprenorial-a-domnului-eugen-lascu\/#primaryimage\"},\"image\":{\"@id\":\"http:\/\/ucor-ucor.ro\/new\/prezentarea-cartii-taifas-antreprenorial-a-domnului-eugen-lascu\/#primaryimage\"},\"thumbnailUrl\":\"http:\/\/ucor-ucor.ro\/new\/wp-content\/uploads\/2023\/11\/WhatsApp-Image-2023-11-08-at-08.43.43.jpeg\",\"datePublished\":\"2023-11-21T11:37:19+00:00\",\"dateModified\":\"2023-11-21T11:40:41+00:00\",\"breadcrumb\":{\"@id\":\"http:\/\/ucor-ucor.ro\/new\/prezentarea-cartii-taifas-antreprenorial-a-domnului-eugen-lascu\/#breadcrumb\"},\"inLanguage\":\"en-US\",\"potentialAction\":[{\"@type\":\"ReadAction\",\"target\":[\"http:\/\/ucor-ucor.ro\/new\/prezentarea-cartii-taifas-antreprenorial-a-domnului-eugen-lascu\/\"]}]},{\"@type\":\"ImageObject\",\"inLanguage\":\"en-US\",\"@id\":\"http:\/\/ucor-ucor.ro\/new\/prezentarea-cartii-taifas-antreprenorial-a-domnului-eugen-lascu\/#primaryimage\",\"url\":\"http:\/\/ucor-ucor.ro\/new\/wp-content\/uploads\/2023\/11\/WhatsApp-Image-2023-11-08-at-08.43.43.jpeg\",\"contentUrl\":\"http:\/\/ucor-ucor.ro\/new\/wp-content\/uploads\/2023\/11\/WhatsApp-Image-2023-11-08-at-08.43.43.jpeg\",\"width\":1024,\"height\":894},{\"@type\":\"BreadcrumbList\",\"@id\":\"http:\/\/ucor-ucor.ro\/new\/prezentarea-cartii-taifas-antreprenorial-a-domnului-eugen-lascu\/#breadcrumb\",\"itemListElement\":[{\"@type\":\"ListItem\",\"position\":1,\"name\":\"Home\",\"item\":\"https:\/\/ucor-ucor.ro\/new\/\"},{\"@type\":\"ListItem\",\"position\":2,\"name\":\"Prezentarea c\u0103r\u021bii \u201c Taifas Antreprenorial\u201d a domnului Eugen Lascu\"}]},{\"@type\":\"WebSite\",\"@id\":\"https:\/\/ucor-ucor.ro\/new\/#website\",\"url\":\"https:\/\/ucor-ucor.ro\/new\/\",\"name\":\"UCOR\",\"description\":\"\",\"publisher\":{\"@id\":\"https:\/\/ucor-ucor.ro\/new\/#organization\"},\"potentialAction\":[{\"@type\":\"SearchAction\",\"target\":{\"@type\":\"EntryPoint\",\"urlTemplate\":\"https:\/\/ucor-ucor.ro\/new\/?s={search_term_string}\"},\"query-input\":\"required name=search_term_string\"}],\"inLanguage\":\"en-US\"},{\"@type\":\"Organization\",\"@id\":\"https:\/\/ucor-ucor.ro\/new\/#organization\",\"name\":\"UCOR\",\"url\":\"https:\/\/ucor-ucor.ro\/new\/\",\"logo\":{\"@type\":\"ImageObject\",\"inLanguage\":\"en-US\",\"@id\":\"https:\/\/ucor-ucor.ro\/new\/#\/schema\/logo\/image\/\",\"url\":\"http:\/\/ucor-ucor.ro\/new\/wp-content\/uploads\/2020\/06\/cropped-UCOR.png\",\"contentUrl\":\"http:\/\/ucor-ucor.ro\/new\/wp-content\/uploads\/2020\/06\/cropped-UCOR.png\",\"width\":395,\"height\":128,\"caption\":\"UCOR\"},\"image\":{\"@id\":\"https:\/\/ucor-ucor.ro\/new\/#\/schema\/logo\/image\/\"}}]}<\/script>\n<!-- \/ Yoast SEO plugin. -->","yoast_head_json":{"title":"Prezentarea c\u0103r\u021bii \u201c Taifas Antreprenorial\u201d a domnului Eugen Lascu - UCOR","robots":{"index":"index","follow":"follow","max-snippet":"max-snippet:-1","max-image-preview":"max-image-preview:large","max-video-preview":"max-video-preview:-1"},"canonical":"http:\/\/ucor-ucor.ro\/new\/prezentarea-cartii-taifas-antreprenorial-a-domnului-eugen-lascu\/","og_locale":"en_US","og_type":"article","og_title":"Prezentarea c\u0103r\u021bii \u201c Taifas Antreprenorial\u201d a domnului Eugen Lascu - UCOR","og_description":"26 OCTOMBRIE 2023 &#8211; Prezentarea c\u0103r\u021bii \u201c Taifas Antreprenorial\u201d a domnului Eugen Lascu &#8211; Consul Onorific al Maltei la Bucure\u0219ti \u0219i Managing Partner al Thepesia Corporate Advisory. Prezentarea a avut loc \u00een cadrul primei edi\u021bii de \u201eStart your StartUP\u201d, dedicat antreprenoriatului \u00een domeniul tech, organizat de Universitatea Na\u021bional\u0103 de \u0218tiin\u021b\u0103 \u0219i Tehnologie Politehnica Bucure\u0219ti. Evenimentul [&hellip;]","og_url":"http:\/\/ucor-ucor.ro\/new\/prezentarea-cartii-taifas-antreprenorial-a-domnului-eugen-lascu\/","og_site_name":"UCOR","article_modified_time":"2023-11-21T11:40:41+00:00","og_image":[{"url":"http:\/\/ucor-ucor.ro\/new\/wp-content\/uploads\/2023\/11\/WhatsApp-Image-2023-11-08-at-08.43.43.jpeg"}],"twitter_card":"summary_large_image","twitter_misc":{"Est. reading time":"1 minute"},"schema":{"@context":"https:\/\/schema.org","@graph":[{"@type":"WebPage","@id":"http:\/\/ucor-ucor.ro\/new\/prezentarea-cartii-taifas-antreprenorial-a-domnului-eugen-lascu\/","url":"http:\/\/ucor-ucor.ro\/new\/prezentarea-cartii-taifas-antreprenorial-a-domnului-eugen-lascu\/","name":"Prezentarea c\u0103r\u021bii \u201c Taifas Antreprenorial\u201d a domnului Eugen Lascu - UCOR","isPartOf":{"@id":"https:\/\/ucor-ucor.ro\/new\/#website"},"primaryImageOfPage":{"@id":"http:\/\/ucor-ucor.ro\/new\/prezentarea-cartii-taifas-antreprenorial-a-domnului-eugen-lascu\/#primaryimage"},"image":{"@id":"http:\/\/ucor-ucor.ro\/new\/prezentarea-cartii-taifas-antreprenorial-a-domnului-eugen-lascu\/#primaryimage"},"thumbnailUrl":"http:\/\/ucor-ucor.ro\/new\/wp-content\/uploads\/2023\/11\/WhatsApp-Image-2023-11-08-at-08.43.43.jpeg","datePublished":"2023-11-21T11:37:19+00:00","dateModified":"2023-11-21T11:40:41+00:00","breadcrumb":{"@id":"http:\/\/ucor-ucor.ro\/new\/prezentarea-cartii-taifas-antreprenorial-a-domnului-eugen-lascu\/#breadcrumb"},"inLanguage":"en-US","potentialAction":[{"@type":"ReadAction","target":["http:\/\/ucor-ucor.ro\/new\/prezentarea-cartii-taifas-antreprenorial-a-domnului-eugen-lascu\/"]}]},{"@type":"ImageObject","inLanguage":"en-US","@id":"http:\/\/ucor-ucor.ro\/new\/prezentarea-cartii-taifas-antreprenorial-a-domnului-eugen-lascu\/#primaryimage","url":"http:\/\/ucor-ucor.ro\/new\/wp-content\/uploads\/2023\/11\/WhatsApp-Image-2023-11-08-at-08.43.43.jpeg","contentUrl":"http:\/\/ucor-ucor.ro\/new\/wp-content\/uploads\/2023\/11\/WhatsApp-Image-2023-11-08-at-08.43.43.jpeg","width":1024,"height":894},{"@type":"BreadcrumbList","@id":"http:\/\/ucor-ucor.ro\/new\/prezentarea-cartii-taifas-antreprenorial-a-domnului-eugen-lascu\/#breadcrumb","itemListElement":[{"@type":"ListItem","position":1,"name":"Home","item":"https:\/\/ucor-ucor.ro\/new\/"},{"@type":"ListItem","position":2,"name":"Prezentarea c\u0103r\u021bii \u201c Taifas Antreprenorial\u201d a domnului Eugen Lascu"}]},{"@type":"WebSite","@id":"https:\/\/ucor-ucor.ro\/new\/#website","url":"https:\/\/ucor-ucor.ro\/new\/","name":"UCOR","description":"","publisher":{"@id":"https:\/\/ucor-ucor.ro\/new\/#organization"},"potentialAction":[{"@type":"SearchAction","target":{"@type":"EntryPoint","urlTemplate":"https:\/\/ucor-ucor.ro\/new\/?s={search_term_string}"},"query-input":"required name=search_term_string"}],"inLanguage":"en-US"},{"@type":"Organization","@id":"https:\/\/ucor-ucor.ro\/new\/#organization","name":"UCOR","url":"https:\/\/ucor-ucor.ro\/new\/","logo":{"@type":"ImageObject","inLanguage":"en-US","@id":"https:\/\/ucor-ucor.ro\/new\/#\/schema\/logo\/image\/","url":"http:\/\/ucor-ucor.ro\/new\/wp-content\/uploads\/2020\/06\/cropped-UCOR.png","contentUrl":"http:\/\/ucor-ucor.ro\/new\/wp-content\/uploads\/2020\/06\/cropped-UCOR.png","width":395,"height":128,"caption":"UCOR"},"image":{"@id":"https:\/\/ucor-ucor.ro\/new\/#\/schema\/logo\/image\/"}}]}},"_links":{"self":[{"href":"http:\/\/ucor-ucor.ro\/new\/wp-json\/wp\/v2\/pages\/1161"}],"collection":[{"href":"http:\/\/ucor-ucor.ro\/new\/wp-json\/wp\/v2\/pages"}],"about":[{"href":"http:\/\/ucor-ucor.ro\/new\/wp-json\/wp\/v2\/types\/page"}],"author":[{"embeddable":true,"href":"http:\/\/ucor-ucor.ro\/new\/wp-json\/wp\/v2\/users\/1"}],"replies":[{"embeddable":true,"href":"http:\/\/ucor-ucor.ro\/new\/wp-json\/wp\/v2\/comments?post=1161"}],"version-history":[{"count":3,"href":"http:\/\/ucor-ucor.ro\/new\/wp-json\/wp\/v2\/pages\/1161\/revisions"}],"predecessor-version":[{"id":1171,"href":"http:\/\/ucor-ucor.ro\/new\/wp-json\/wp\/v2\/pages\/1161\/revisions\/1171"}],"wp:attachment":[{"href":"http:\/\/ucor-ucor.ro\/new\/wp-json\/wp\/v2\/media?parent=1161"}],"curies":[{"name":"wp","href":"https:\/\/api.w.org\/{rel}","templated":true}]}}